{"id":955,"date":"2025-01-06T23:16:06","date_gmt":"2025-01-06T20:16:06","guid":{"rendered":"https:\/\/hbbkimya.com\/?post_type=product&#038;p=955"},"modified":"2026-04-12T19:21:22","modified_gmt":"2026-04-12T16:21:22","slug":"alkolmetre-0-100-cam-renkli-skala","status":"publish","type":"product","link":"https:\/\/hbbkimya.com\/?product=alkolmetre-0-100-cam-renkli-skala","title":{"rendered":"Alkolmetre 0-100% Alkol Bomesi"},"content":{"rendered":"<p><a href=\"https:\/\/hbbkimya.com\/wp-content\/uploads\/2025\/01\/achem-0-100-etil-alkol-alkolmetresi-uzun-form-alkolmetre.jpg\"><img loading=\"lazy\" decoding=\"async\" class=\"alignnone size-medium wp-image-2017\" src=\"https:\/\/hbbkimya.com\/wp-content\/uploads\/2025\/01\/achem-0-100-etil-alkol-alkolmetresi-uzun-form-alkolmetre-200x300.jpg\" alt=\"\" width=\"200\" height=\"300\" srcset=\"https:\/\/hbbkimya.com\/wp-content\/uploads\/2025\/01\/achem-0-100-etil-alkol-alkolmetresi-uzun-form-alkolmetre-200x300.jpg 200w, https:\/\/hbbkimya.com\/wp-content\/uploads\/2025\/01\/achem-0-100-etil-alkol-alkolmetresi-uzun-form-alkolmetre.jpg 600w\" sizes=\"auto, (max-width: 200px) 100vw, 200px\" \/><\/a><\/p>\n","protected":false},"excerpt":{"rendered":"<ul>\n<li><span lang=\"EN-US\">Camdan\u00a0<\/span><span lang=\"EN-US\">yap\u0131lan alkometrenin bir ucunda s\u0131v\u0131 i\u00e7inde dik durmas\u0131n\u0131 sa\u011flamak \u00fczere a\u011f\u0131rl\u0131k, di\u011fer ucunda ise silindirik bir sap bulunmaktad\u0131r.<\/span><\/li>\n<li><span lang=\"EN-US\">Alkol\u00a0<\/span><span lang=\"EN-US\">derecesi \u00f6l\u00e7\u00fclecek s\u0131v\u0131 \u00f6l\u00e7\u00fcm kab\u0131na konulur.<\/span><\/li>\n<li><span lang=\"EN-US\">Alkolmetre\u00a0<\/span><span lang=\"EN-US\">s\u0131v\u0131 i\u00e7erisine yava\u015f\u00e7a dald\u0131r\u0131l\u0131p serbest b\u0131rak\u0131l\u0131r.<\/span><\/li>\n<li><span lang=\"EN-US\">Y\u00fcksek\u00a0<\/span><span lang=\"EN-US\">saydaml\u0131k ve kaliteyi garantiler.<\/span><\/li>\n<li><span lang=\"EN-US\">S\u0131v\u0131 <\/span><span lang=\"EN-US\">y\u00fczeyinin alkolmetre ile kesi\u015fti\u011fi yerdeki skala de\u011feri okunur.<\/span><\/li>\n<li><span lang=\"EN-US\">Bu de\u011fer s\u0131v\u0131n\u0131n i\u00e7erisindeki alkol y\u00fczdesini hacimsel % alkol olarak ifade eder.<\/span><\/li>\n<li>\u015earapta kullan\u0131ma uygun de\u011fildir, etil alkol i\u00e7eren votka, rak\u0131, cin gibi i\u00e7eceklerin alkol miktar\u0131n\u0131 \u00f6l\u00e7mek i\u00e7in kullan\u0131l\u0131r.<\/li>\n<\/ul>\n","protected":false},"featured_media":2017,"comment_status":"open","ping_status":"closed","template":"","meta":{"neve_meta_sidebar":"","neve_meta_container":"","neve_meta_enable_content_width":"off","neve_meta_content_width":100,"neve_meta_title_alignment":"","neve_meta_author_avatar":"","neve_post_elements_order":"","neve_meta_disable_header":"","neve_meta_disable_footer":"","neve_meta_disable_title":"","_themeisle_gutenberg_block_has_review":false},"product_brand":[68],"product_cat":[61],"product_tag":[],"class_list":{"0":"post-955","1":"product","2":"type-product","3":"status-publish","4":"has-post-thumbnail","6":"product_brand-achem","7":"product_cat-bomemetreler-dansimetreler","9":"first","10":"instock","11":"taxable","12":"shipping-taxable","13":"purchasable","14":"product-type-simple"},"_links":{"self":[{"href":"https:\/\/hbbkimya.com\/index.php?rest_route=\/wp\/v2\/product\/955","targetHints":{"allow":["GET"]}}],"collection":[{"href":"https:\/\/hbbkimya.com\/index.php?rest_route=\/wp\/v2\/product"}],"about":[{"href":"https:\/\/hbbkimya.com\/index.php?rest_route=\/wp\/v2\/types\/product"}],"replies":[{"embeddable":true,"href":"https:\/\/hbbkimya.com\/index.php?rest_route=%2Fwp%2Fv2%2Fcomments&post=955"}],"wp:featuredmedia":[{"embeddable":true,"href":"https:\/\/hbbkimya.com\/index.php?rest_route=\/wp\/v2\/media\/2017"}],"wp:attachment":[{"href":"https:\/\/hbbkimya.com\/index.php?rest_route=%2Fwp%2Fv2%2Fmedia&parent=955"}],"wp:term":[{"taxonomy":"product_brand","embeddable":true,"href":"https:\/\/hbbkimya.com\/index.php?rest_route=%2Fwp%2Fv2%2Fproduct_brand&post=955"},{"taxonomy":"product_cat","embeddable":true,"href":"https:\/\/hbbkimya.com\/index.php?rest_route=%2Fwp%2Fv2%2Fproduct_cat&post=955"},{"taxonomy":"product_tag","embeddable":true,"href":"https:\/\/hbbkimya.com\/index.php?rest_route=%2Fwp%2Fv2%2Fproduct_tag&post=955"}],"curies":[{"name":"wp","href":"https:\/\/api.w.org\/{rel}","templated":true}]}}