{"id":934,"date":"2025-01-05T19:52:32","date_gmt":"2025-01-05T16:52:32","guid":{"rendered":"https:\/\/hbbkimya.com\/?post_type=product&#038;p=934"},"modified":"2025-08-23T22:26:51","modified_gmt":"2025-08-23T19:26:51","slug":"borik-asit-chem-pure-250-gr","status":"publish","type":"product","link":"https:\/\/hbbkimya.com\/?product=borik-asit-chem-pure-250-gr","title":{"rendered":"Borik Asit Chem Pure 250 gr"},"content":{"rendered":"<p><a href=\"https:\/\/hbbkimya.com\/wp-content\/uploads\/2024\/12\/borik-asit-1kg-scaled.jpeg\"><img loading=\"lazy\" decoding=\"async\" class=\"alignnone size-medium wp-image-815\" src=\"https:\/\/hbbkimya.com\/wp-content\/uploads\/2024\/12\/borik-asit-1kg-225x300.jpeg\" alt=\"\" width=\"225\" height=\"300\" srcset=\"https:\/\/hbbkimya.com\/wp-content\/uploads\/2024\/12\/borik-asit-1kg-225x300.jpeg 225w, https:\/\/hbbkimya.com\/wp-content\/uploads\/2024\/12\/borik-asit-1kg-scaled-600x800.jpeg 600w, https:\/\/hbbkimya.com\/wp-content\/uploads\/2024\/12\/borik-asit-1kg-768x1024.jpeg 768w, https:\/\/hbbkimya.com\/wp-content\/uploads\/2024\/12\/borik-asit-1kg-1152x1536.jpeg 1152w, https:\/\/hbbkimya.com\/wp-content\/uploads\/2024\/12\/borik-asit-1kg-1536x2048.jpeg 1536w, https:\/\/hbbkimya.com\/wp-content\/uploads\/2024\/12\/borik-asit-1kg-scaled.jpeg 1920w\" sizes=\"auto, (max-width: 225px) 100vw, 225px\" \/><\/a><\/p>\n","protected":false},"excerpt":{"rendered":"<ul>\n<li>\n<div class=\"wDYxhc\" data-attrid=\"kc:\/chemistry\/chemical_compound:formula\" data-md=\"1001\" data-hveid=\"CB0QAA\" data-ved=\"2ahUKEwjCoq75k7-NAxXDSvEDHbDbEgUQkCl6BAgdEAA\">\n<div class=\"Z1hOCe\">\n<div class=\"zloOqf PZPZlf\"><span class=\"w8qArf\">Form\u00fcl:\u00a0<\/span><span class=\"LrzXr kno-fv wHYlTd z8gr9e\">H\u2083BO\u2083\u00a0 \u00a0<\/span><span class=\"w8qArf FoJoyf\">Yo\u011funluk:\u00a0<\/span><span class=\"LrzXr kno-fv wHYlTd z8gr9e\">1,44 g\/cm\u00b3\u00a0 \u00a0<\/span><span class=\"w8qArf FoJoyf\">Erime noktas\u0131:\u00a0<\/span><span class=\"LrzXr kno-fv wHYlTd z8gr9e\">170,9 \u00b0C\u00a0 \u00a0<\/span><span class=\"w8qArf FoJoyf\">Molar k\u00fctle:\u00a0<\/span><span class=\"LrzXr kno-fv wHYlTd z8gr9e\">61,83 g\/mol<\/span><\/div>\n<\/div>\n<\/div>\n<\/li>\n<li>Cam lifi \u00fcretiminde kullan\u0131l\u0131r.<\/li>\n<li>Antiseptikler de kullan\u0131l\u0131r.<\/li>\n<li>Baz\u0131 boyalar\u0131n yap\u0131m\u0131nda kullan\u0131l\u0131r.<\/li>\n<li>Foto\u011fraf\u00e7\u0131l\u0131k kimyasallar\u0131nda kullan\u0131l\u0131r.<\/li>\n<li>T\u0131bbi tozlarda kullan\u0131l\u0131r.<\/li>\n<li>Ev temizlik \u00fcr\u00fcnlerinde kullan\u0131l\u0131r.<\/li>\n<li>B\u00f6cek ila\u00e7lama da kullan\u0131l\u0131r.<\/li>\n<li>Laboratuvarda analiz maksatl\u0131 kullan\u0131lmaktad\u0131r.<\/li>\n<\/ul>\n","protected":false},"featured_media":815,"comment_status":"open","ping_status":"closed","template":"","meta":{"neve_meta_sidebar":"","neve_meta_container":"","neve_meta_enable_content_width":"off","neve_meta_content_width":100,"neve_meta_title_alignment":"","neve_meta_author_avatar":"","neve_post_elements_order":"","neve_meta_disable_header":"","neve_meta_disable_footer":"","neve_meta_disable_title":"","_themeisle_gutenberg_block_has_review":false},"product_brand":[65],"product_cat":[44],"product_tag":[],"class_list":{"0":"post-934","1":"product","2":"type-product","3":"status-publish","4":"has-post-thumbnail","6":"product_brand-hbbchem","7":"product_cat-toz-kati","9":"first","10":"instock","11":"taxable","12":"shipping-taxable","13":"purchasable","14":"product-type-simple"},"_links":{"self":[{"href":"https:\/\/hbbkimya.com\/index.php?rest_route=\/wp\/v2\/product\/934","targetHints":{"allow":["GET"]}}],"collection":[{"href":"https:\/\/hbbkimya.com\/index.php?rest_route=\/wp\/v2\/product"}],"about":[{"href":"https:\/\/hbbkimya.com\/index.php?rest_route=\/wp\/v2\/types\/product"}],"replies":[{"embeddable":true,"href":"https:\/\/hbbkimya.com\/index.php?rest_route=%2Fwp%2Fv2%2Fcomments&post=934"}],"wp:featuredmedia":[{"embeddable":true,"href":"https:\/\/hbbkimya.com\/index.php?rest_route=\/wp\/v2\/media\/815"}],"wp:attachment":[{"href":"https:\/\/hbbkimya.com\/index.php?rest_route=%2Fwp%2Fv2%2Fmedia&parent=934"}],"wp:term":[{"taxonomy":"product_brand","embeddable":true,"href":"https:\/\/hbbkimya.com\/index.php?rest_route=%2Fwp%2Fv2%2Fproduct_brand&post=934"},{"taxonomy":"product_cat","embeddable":true,"href":"https:\/\/hbbkimya.com\/index.php?rest_route=%2Fwp%2Fv2%2Fproduct_cat&post=934"},{"taxonomy":"product_tag","embeddable":true,"href":"https:\/\/hbbkimya.com\/index.php?rest_route=%2Fwp%2Fv2%2Fproduct_tag&post=934"}],"curies":[{"name":"wp","href":"https:\/\/api.w.org\/{rel}","templated":true}]}}