{"id":910,"date":"2025-01-03T21:09:14","date_gmt":"2025-01-03T18:09:14","guid":{"rendered":"https:\/\/hbbkimya.com\/?post_type=product&#038;p=910"},"modified":"2026-04-17T11:18:16","modified_gmt":"2026-04-17T08:18:16","slug":"refraktometre-0-90-brix-bal-recel","status":"publish","type":"product","link":"https:\/\/hbbkimya.com\/?product=refraktometre-0-90-brix-bal-recel","title":{"rendered":"Refraktometre 0-90 Brix (Bal, Re\u00e7el)"},"content":{"rendered":"<p><a href=\"https:\/\/hbbkimya.com\/wp-content\/uploads\/2025\/01\/refraktometre-0-90-brix-izmir.webp\"><img loading=\"lazy\" decoding=\"async\" class=\"alignnone size-medium wp-image-911\" src=\"https:\/\/hbbkimya.com\/wp-content\/uploads\/2025\/01\/refraktometre-0-90-brix-izmir-300x300.webp\" alt=\"\" width=\"300\" height=\"300\" srcset=\"https:\/\/hbbkimya.com\/wp-content\/uploads\/2025\/01\/refraktometre-0-90-brix-izmir-300x300.webp 300w, https:\/\/hbbkimya.com\/wp-content\/uploads\/2025\/01\/refraktometre-0-90-brix-izmir-100x100.webp 100w, https:\/\/hbbkimya.com\/wp-content\/uploads\/2025\/01\/refraktometre-0-90-brix-izmir-600x600.webp 600w, https:\/\/hbbkimya.com\/wp-content\/uploads\/2025\/01\/refraktometre-0-90-brix-izmir-1024x1024.webp 1024w, https:\/\/hbbkimya.com\/wp-content\/uploads\/2025\/01\/refraktometre-0-90-brix-izmir-150x150.webp 150w, https:\/\/hbbkimya.com\/wp-content\/uploads\/2025\/01\/refraktometre-0-90-brix-izmir-768x768.webp 768w, https:\/\/hbbkimya.com\/wp-content\/uploads\/2025\/01\/refraktometre-0-90-brix-izmir.webp 1280w\" sizes=\"auto, (max-width: 300px) 100vw, 300px\" \/><\/a><\/p>\n","protected":false},"excerpt":{"rendered":"<p>0-\u00a090 Brix olan \u00f6l\u00e7\u00fcm aral\u0131\u011f\u0131 ile konsantre \u015feker \u00e7\u00f6zeltileri \u00f6l\u00e7\u00fcm\u00fcnde kullan\u0131labilir. Ayr\u0131ca, geni\u015f aral\u0131klarda de\u011fi\u015fen konsantrasyonlar\u0131n Brix cinsinden \u00f6l\u00e7\u00fcm\u00fcnde de ideal bir cihazd\u0131r.<\/p>\n<p><strong>\u00d6L\u00c7\u00dcM METODU:<\/strong><\/p>\n<p><strong>1. Refraktometreyi;<\/strong>\u00a0prizman\u0131n bulundu\u011fu taraf \u0131\u015f\u0131\u011fa bakacak \u015fekilde g\u00f6vdeden tutarak elinize al\u0131n\u0131z.<\/p>\n<p>Diyoptri Ayar Halkas\u0131n\u0131n bulundu\u011fu taraf\u0131 g\u00f6z\u00fcn\u00fcze konumland\u0131r\u0131p Ayar Halkas\u0131n\u0131 refraktometre i\u00e7indeki \u00f6l\u00e7\u00fc tablosunu net g\u00f6rene kadar sa\u011fa \/ sola \u00e7eviriniz.<\/p>\n<p><strong>2. Cihaz S\u0131f\u0131r Ayar\u0131n\u0131n yap\u0131lmas\u0131:\u00a0<\/strong>Kapa\u011f\u0131 a\u00e7\u0131p prizma y\u00fczeyini yumu\u015fak pamuklu bir bezle siliniz, 1-2 damla distile (saf) su damlat\u0131p kapa\u011f\u0131 yava\u015f\u00e7a kapat\u0131n\u0131z. Sonra da, siyah ay\u0131r\u0131m b\u00f6lgesinin \u00f6l\u00e7\u00fc tablosu s\u0131f\u0131r \u00e7izgisi ile \u00fcst \u00fcste gelip gelmedi\u011fine bak\u0131n\u0131z. De\u011fil ise; S\u0131f\u0131r Ayar Vidas\u0131 ile ayarlay\u0131n\u0131z.<\/p>\n<p><strong>3. Brix \u00f6l\u00e7\u00fcmleri de,<\/strong>\u00a0kapak a\u00e7\u0131l\u0131p prizma y\u00fczeyine 1-2 damla \u00f6l\u00e7\u00fcm s\u0131v\u0131s\u0131 damlat\u0131ld\u0131ktan sonra, kapak kapat\u0131larak yap\u0131l\u0131r.<\/p>\n<p><strong>4. \u00d6l\u00e7\u00fc aral\u0131klar\u0131;<\/strong>\u00a0\u00d6l\u00e7\u00fcm Aral\u0131\u011f\u0131 Halkas\u0131n\u0131 \u00e7evirerek se\u00e7ilir.<\/p>\n<p><strong>5. Her \u00f6l\u00e7\u00fcmden sonra,<\/strong>\u00a0prizma ve kapak y\u00fczeyleri temizlenmelidir.<\/p>\n<p>&nbsp;<\/p>\n","protected":false},"featured_media":911,"comment_status":"open","ping_status":"closed","template":"","meta":{"neve_meta_sidebar":"","neve_meta_container":"","neve_meta_enable_content_width":"off","neve_meta_content_width":100,"neve_meta_title_alignment":"","neve_meta_author_avatar":"","neve_post_elements_order":"","neve_meta_disable_header":"","neve_meta_disable_footer":"","neve_meta_disable_title":"","_themeisle_gutenberg_block_has_review":false},"product_brand":[],"product_cat":[54],"product_tag":[],"class_list":{"0":"post-910","1":"product","2":"type-product","3":"status-publish","4":"has-post-thumbnail","6":"product_cat-refraktometreler","8":"first","9":"instock","10":"sale","11":"taxable","12":"shipping-taxable","13":"purchasable","14":"product-type-simple"},"_links":{"self":[{"href":"https:\/\/hbbkimya.com\/index.php?rest_route=\/wp\/v2\/product\/910","targetHints":{"allow":["GET"]}}],"collection":[{"href":"https:\/\/hbbkimya.com\/index.php?rest_route=\/wp\/v2\/product"}],"about":[{"href":"https:\/\/hbbkimya.com\/index.php?rest_route=\/wp\/v2\/types\/product"}],"replies":[{"embeddable":true,"href":"https:\/\/hbbkimya.com\/index.php?rest_route=%2Fwp%2Fv2%2Fcomments&post=910"}],"wp:featuredmedia":[{"embeddable":true,"href":"https:\/\/hbbkimya.com\/index.php?rest_route=\/wp\/v2\/media\/911"}],"wp:attachment":[{"href":"https:\/\/hbbkimya.com\/index.php?rest_route=%2Fwp%2Fv2%2Fmedia&parent=910"}],"wp:term":[{"taxonomy":"product_brand","embeddable":true,"href":"https:\/\/hbbkimya.com\/index.php?rest_route=%2Fwp%2Fv2%2Fproduct_brand&post=910"},{"taxonomy":"product_cat","embeddable":true,"href":"https:\/\/hbbkimya.com\/index.php?rest_route=%2Fwp%2Fv2%2Fproduct_cat&post=910"},{"taxonomy":"product_tag","embeddable":true,"href":"https:\/\/hbbkimya.com\/index.php?rest_route=%2Fwp%2Fv2%2Fproduct_tag&post=910"}],"curies":[{"name":"wp","href":"https:\/\/api.w.org\/{rel}","templated":true}]}}