{"id":879,"date":"2024-12-29T21:54:59","date_gmt":"2024-12-29T18:54:59","guid":{"rendered":"https:\/\/hbbkimya.com\/?post_type=product&#038;p=879"},"modified":"2025-08-23T22:26:44","modified_gmt":"2025-08-23T19:26:44","slug":"askorbik-asit-c-vitamini-gida-tipi-500-gr","status":"publish","type":"product","link":"https:\/\/hbbkimya.com\/?product=askorbik-asit-c-vitamini-gida-tipi-500-gr","title":{"rendered":"Askorbik Asit (C Vitamini) G\u0131da Tipi 500 gr"},"content":{"rendered":"<p><a href=\"https:\/\/hbbkimya.com\/wp-content\/uploads\/2024\/12\/askorbik-asit-toplu-scaled.jpeg\"><img loading=\"lazy\" decoding=\"async\" class=\"alignnone size-medium wp-image-880\" src=\"https:\/\/hbbkimya.com\/wp-content\/uploads\/2024\/12\/askorbik-asit-toplu-225x300.jpeg\" alt=\"\" width=\"225\" height=\"300\" srcset=\"https:\/\/hbbkimya.com\/wp-content\/uploads\/2024\/12\/askorbik-asit-toplu-225x300.jpeg 225w, https:\/\/hbbkimya.com\/wp-content\/uploads\/2024\/12\/askorbik-asit-toplu-scaled-600x800.jpeg 600w, https:\/\/hbbkimya.com\/wp-content\/uploads\/2024\/12\/askorbik-asit-toplu-768x1024.jpeg 768w, https:\/\/hbbkimya.com\/wp-content\/uploads\/2024\/12\/askorbik-asit-toplu-1152x1536.jpeg 1152w, https:\/\/hbbkimya.com\/wp-content\/uploads\/2024\/12\/askorbik-asit-toplu-1536x2048.jpeg 1536w, https:\/\/hbbkimya.com\/wp-content\/uploads\/2024\/12\/askorbik-asit-toplu-scaled.jpeg 1920w\" sizes=\"auto, (max-width: 225px) 100vw, 225px\" \/><\/a><\/p>\n","protected":false},"excerpt":{"rendered":"<ul>\n<li>V\u00fccut direncini y\u00fckselterek \u00e7e\u015fitli hastal\u0131klara kar\u015f\u0131 korunmaya yard\u0131mc\u0131 olur.<\/li>\n<li>G\u0131dalardan ald\u0131\u011f\u0131n\u0131z demirin v\u00fccuttaki biyoyarar\u0131n\u0131 art\u0131rmaya destek verir.<\/li>\n<li>Ciltteki suyu tutarak nem dengesinin sa\u011flanmas\u0131na katk\u0131 sa\u011flar. Bu sayede cilt kurulu\u011funu azaltarak teninizin daha p\u00fcr\u00fczs\u00fcz olmas\u0131na katk\u0131 sa\u011flar.<\/li>\n<li>Protein kolojenin olu\u015fumunu desteklenmesiyle sa\u00e7lar\u0131n daha parlak ve canl\u0131 olmas\u0131n\u0131 sa\u011flar.<\/li>\n<li>Yaralar\u0131n onar\u0131m s\u00fcresinin k\u0131salmas\u0131na etki eder.<\/li>\n<li>V\u00fccuttaki histaminin azalmas\u0131n\u0131 sa\u011flayarak \u00f6zellikle bahar aylar\u0131nda olu\u015fan alerjinin minimize edilmesine yard\u0131mc\u0131 olur.<\/li>\n<li>Laboratuvarda analiz ve tahlil maksatl\u0131 kullan\u0131lmaktad\u0131r.<\/li>\n<\/ul>\n","protected":false},"featured_media":880,"comment_status":"open","ping_status":"closed","template":"","meta":{"neve_meta_sidebar":"","neve_meta_container":"","neve_meta_enable_content_width":"off","neve_meta_content_width":100,"neve_meta_title_alignment":"","neve_meta_author_avatar":"","neve_post_elements_order":"","neve_meta_disable_header":"","neve_meta_disable_footer":"","neve_meta_disable_title":"","_themeisle_gutenberg_block_has_review":false},"product_brand":[65],"product_cat":[44],"product_tag":[],"class_list":{"0":"post-879","1":"product","2":"type-product","3":"status-publish","4":"has-post-thumbnail","6":"product_brand-hbbchem","7":"product_cat-toz-kati","9":"first","10":"instock","11":"taxable","12":"shipping-taxable","13":"purchasable","14":"product-type-simple"},"_links":{"self":[{"href":"https:\/\/hbbkimya.com\/index.php?rest_route=\/wp\/v2\/product\/879","targetHints":{"allow":["GET"]}}],"collection":[{"href":"https:\/\/hbbkimya.com\/index.php?rest_route=\/wp\/v2\/product"}],"about":[{"href":"https:\/\/hbbkimya.com\/index.php?rest_route=\/wp\/v2\/types\/product"}],"replies":[{"embeddable":true,"href":"https:\/\/hbbkimya.com\/index.php?rest_route=%2Fwp%2Fv2%2Fcomments&post=879"}],"wp:featuredmedia":[{"embeddable":true,"href":"https:\/\/hbbkimya.com\/index.php?rest_route=\/wp\/v2\/media\/880"}],"wp:attachment":[{"href":"https:\/\/hbbkimya.com\/index.php?rest_route=%2Fwp%2Fv2%2Fmedia&parent=879"}],"wp:term":[{"taxonomy":"product_brand","embeddable":true,"href":"https:\/\/hbbkimya.com\/index.php?rest_route=%2Fwp%2Fv2%2Fproduct_brand&post=879"},{"taxonomy":"product_cat","embeddable":true,"href":"https:\/\/hbbkimya.com\/index.php?rest_route=%2Fwp%2Fv2%2Fproduct_cat&post=879"},{"taxonomy":"product_tag","embeddable":true,"href":"https:\/\/hbbkimya.com\/index.php?rest_route=%2Fwp%2Fv2%2Fproduct_tag&post=879"}],"curies":[{"name":"wp","href":"https:\/\/api.w.org\/{rel}","templated":true}]}}