{"id":878,"date":"2024-12-29T20:25:09","date_gmt":"2024-12-29T17:25:09","guid":{"rendered":"https:\/\/hbbkimya.com\/?post_type=product&#038;p=878"},"modified":"2025-08-23T22:21:50","modified_gmt":"2025-08-23T19:21:50","slug":"878","status":"publish","type":"product","link":"https:\/\/hbbkimya.com\/?product=878","title":{"rendered":"\u0130ndol-3-B\u00fctirik Asit (IBA) K\u00f6klendirme Hormonu \u00c7\u00f6zeltisi 2000 ppm 1 litre"},"content":{"rendered":"","protected":false},"excerpt":{"rendered":"<ul>\n<li>1000 ml lik ambalajdad\u0131r.<\/li>\n<li>2000 ppm lik bir \u00e7\u00f6zeltidir.<\/li>\n<li>Kullan\u0131lacak miktar bir kap i\u00e7ine az miktarda konur ve bitkisel materyalin dip\u00a0k\u0131s\u0131mlar\u0131 (1 cm kadar) bu eriyik i\u00e7ine 5 sn m\u00fcddet ile bat\u0131r\u0131l\u0131p \u00e7\u0131kar\u0131l\u0131r.<\/li>\n<li>Laboratuvarda analiz ve tahlil maksatl\u0131 kullan\u0131lmaktad\u0131r.<\/li>\n<\/ul>\n","protected":false},"featured_media":868,"comment_status":"open","ping_status":"closed","template":"","meta":{"neve_meta_sidebar":"","neve_meta_container":"","neve_meta_enable_content_width":"off","neve_meta_content_width":100,"neve_meta_title_alignment":"","neve_meta_author_avatar":"","neve_post_elements_order":"","neve_meta_disable_header":"","neve_meta_disable_footer":"","neve_meta_disable_title":"","_themeisle_gutenberg_block_has_review":false},"product_brand":[65],"product_cat":[46],"product_tag":[],"class_list":{"0":"post-878","1":"product","2":"type-product","3":"status-publish","4":"has-post-thumbnail","6":"product_brand-hbbchem","7":"product_cat-cozeltiler-solusyonlar","9":"first","10":"instock","11":"taxable","12":"shipping-taxable","13":"purchasable","14":"product-type-simple"},"_links":{"self":[{"href":"https:\/\/hbbkimya.com\/index.php?rest_route=\/wp\/v2\/product\/878","targetHints":{"allow":["GET"]}}],"collection":[{"href":"https:\/\/hbbkimya.com\/index.php?rest_route=\/wp\/v2\/product"}],"about":[{"href":"https:\/\/hbbkimya.com\/index.php?rest_route=\/wp\/v2\/types\/product"}],"replies":[{"embeddable":true,"href":"https:\/\/hbbkimya.com\/index.php?rest_route=%2Fwp%2Fv2%2Fcomments&post=878"}],"wp:featuredmedia":[{"embeddable":true,"href":"https:\/\/hbbkimya.com\/index.php?rest_route=\/wp\/v2\/media\/868"}],"wp:attachment":[{"href":"https:\/\/hbbkimya.com\/index.php?rest_route=%2Fwp%2Fv2%2Fmedia&parent=878"}],"wp:term":[{"taxonomy":"product_brand","embeddable":true,"href":"https:\/\/hbbkimya.com\/index.php?rest_route=%2Fwp%2Fv2%2Fproduct_brand&post=878"},{"taxonomy":"product_cat","embeddable":true,"href":"https:\/\/hbbkimya.com\/index.php?rest_route=%2Fwp%2Fv2%2Fproduct_cat&post=878"},{"taxonomy":"product_tag","embeddable":true,"href":"https:\/\/hbbkimya.com\/index.php?rest_route=%2Fwp%2Fv2%2Fproduct_tag&post=878"}],"curies":[{"name":"wp","href":"https:\/\/api.w.org\/{rel}","templated":true}]}}