{"id":816,"date":"2024-12-21T22:57:30","date_gmt":"2024-12-21T19:57:30","guid":{"rendered":"https:\/\/hbbkimya.com\/?post_type=product&#038;p=816"},"modified":"2025-08-23T22:27:52","modified_gmt":"2025-08-23T19:27:52","slug":"sodyum-hidroksit-payet-kostik-chem-pure-1-kg","status":"publish","type":"product","link":"https:\/\/hbbkimya.com\/?product=sodyum-hidroksit-payet-kostik-chem-pure-1-kg","title":{"rendered":"Sodyum Hidroksit (Payet Kostik) Chem Pure 1 Kg"},"content":{"rendered":"<p><a href=\"https:\/\/hbbkimya.com\/wp-content\/uploads\/2025\/03\/sodyum-hidroksit-toplu.jpeg\"><img loading=\"lazy\" decoding=\"async\" class=\"alignnone size-medium wp-image-1429\" src=\"https:\/\/hbbkimya.com\/wp-content\/uploads\/2025\/03\/sodyum-hidroksit-toplu-225x300.jpeg\" alt=\"\" width=\"225\" height=\"300\" srcset=\"https:\/\/hbbkimya.com\/wp-content\/uploads\/2025\/03\/sodyum-hidroksit-toplu-225x300.jpeg 225w, https:\/\/hbbkimya.com\/wp-content\/uploads\/2025\/03\/sodyum-hidroksit-toplu-600x800.jpeg 600w, https:\/\/hbbkimya.com\/wp-content\/uploads\/2025\/03\/sodyum-hidroksit-toplu-768x1024.jpeg 768w, https:\/\/hbbkimya.com\/wp-content\/uploads\/2025\/03\/sodyum-hidroksit-toplu-1152x1536.jpeg 1152w, https:\/\/hbbkimya.com\/wp-content\/uploads\/2025\/03\/sodyum-hidroksit-toplu.jpeg 1536w\" sizes=\"auto, (max-width: 225px) 100vw, 225px\" \/><\/a><\/p>\n","protected":false},"excerpt":{"rendered":"<ul>\n<li>LABORATUVAR SAFLI\u011eINDADIR.<\/li>\n<li>End\u00fcstride bir\u00e7ok kimyasal maddenin yap\u0131m\u0131nda, yapay ipek, sabun, k\u00e2\u011f\u0131t, boya, deterjan end\u00fcstrisinde ve petrol rafinelerinde kullan\u0131l\u0131r.<\/li>\n<li>Sabun yap\u0131m\u0131nda ,petrol sanayinde biodizel \u00fcretiminde ,meyve ve sebzelerin kimyasal yollarla soyma i\u015fleminde kullan\u0131l\u0131r.<\/li>\n<\/ul>\n","protected":false},"featured_media":1429,"comment_status":"open","ping_status":"closed","template":"","meta":{"neve_meta_sidebar":"","neve_meta_container":"","neve_meta_enable_content_width":"off","neve_meta_content_width":100,"neve_meta_title_alignment":"","neve_meta_author_avatar":"","neve_post_elements_order":"","neve_meta_disable_header":"","neve_meta_disable_footer":"","neve_meta_disable_title":"","_themeisle_gutenberg_block_has_review":false},"product_brand":[65],"product_cat":[44],"product_tag":[],"class_list":{"0":"post-816","1":"product","2":"type-product","3":"status-publish","4":"has-post-thumbnail","6":"product_brand-hbbchem","7":"product_cat-toz-kati","9":"first","10":"instock","11":"sale","12":"taxable","13":"shipping-taxable","14":"purchasable","15":"product-type-simple"},"_links":{"self":[{"href":"https:\/\/hbbkimya.com\/index.php?rest_route=\/wp\/v2\/product\/816","targetHints":{"allow":["GET"]}}],"collection":[{"href":"https:\/\/hbbkimya.com\/index.php?rest_route=\/wp\/v2\/product"}],"about":[{"href":"https:\/\/hbbkimya.com\/index.php?rest_route=\/wp\/v2\/types\/product"}],"replies":[{"embeddable":true,"href":"https:\/\/hbbkimya.com\/index.php?rest_route=%2Fwp%2Fv2%2Fcomments&post=816"}],"wp:featuredmedia":[{"embeddable":true,"href":"https:\/\/hbbkimya.com\/index.php?rest_route=\/wp\/v2\/media\/1429"}],"wp:attachment":[{"href":"https:\/\/hbbkimya.com\/index.php?rest_route=%2Fwp%2Fv2%2Fmedia&parent=816"}],"wp:term":[{"taxonomy":"product_brand","embeddable":true,"href":"https:\/\/hbbkimya.com\/index.php?rest_route=%2Fwp%2Fv2%2Fproduct_brand&post=816"},{"taxonomy":"product_cat","embeddable":true,"href":"https:\/\/hbbkimya.com\/index.php?rest_route=%2Fwp%2Fv2%2Fproduct_cat&post=816"},{"taxonomy":"product_tag","embeddable":true,"href":"https:\/\/hbbkimya.com\/index.php?rest_route=%2Fwp%2Fv2%2Fproduct_tag&post=816"}],"curies":[{"name":"wp","href":"https:\/\/api.w.org\/{rel}","templated":true}]}}