{"id":2180,"date":"2026-04-12T19:27:12","date_gmt":"2026-04-12T16:27:12","guid":{"rendered":"https:\/\/hbbkimya.com\/?post_type=product&#038;p=2180"},"modified":"2026-04-12T19:30:59","modified_gmt":"2026-04-12T16:30:59","slug":"otomatik-pipet-2-10-ml-dijital-mikropipet-10000ul","status":"publish","type":"product","link":"https:\/\/hbbkimya.com\/?product=otomatik-pipet-2-10-ml-dijital-mikropipet-10000ul","title":{"rendered":"Otomatik Pipet 2 &#8211; 10 ml &#8211; Dijital Mikropipet 10000ul"},"content":{"rendered":"<p><a href=\"https:\/\/hbbkimya.com\/wp-content\/uploads\/2026\/04\/dlab-toppette-ayarlanabilir-otomatik-micropipette-10000-ul-10-ml.png\"><img loading=\"lazy\" decoding=\"async\" class=\"alignnone size-medium wp-image-2181\" src=\"https:\/\/hbbkimya.com\/wp-content\/uploads\/2026\/04\/dlab-toppette-ayarlanabilir-otomatik-micropipette-10000-ul-10-ml-300x292.png\" alt=\"\" width=\"300\" height=\"292\" srcset=\"https:\/\/hbbkimya.com\/wp-content\/uploads\/2026\/04\/dlab-toppette-ayarlanabilir-otomatik-micropipette-10000-ul-10-ml-300x292.png 300w, https:\/\/hbbkimya.com\/wp-content\/uploads\/2026\/04\/dlab-toppette-ayarlanabilir-otomatik-micropipette-10000-ul-10-ml-768x747.png 768w, https:\/\/hbbkimya.com\/wp-content\/uploads\/2026\/04\/dlab-toppette-ayarlanabilir-otomatik-micropipette-10000-ul-10-ml-600x583.png 600w, https:\/\/hbbkimya.com\/wp-content\/uploads\/2026\/04\/dlab-toppette-ayarlanabilir-otomatik-micropipette-10000-ul-10-ml.png 790w\" sizes=\"auto, (max-width: 300px) 100vw, 300px\" \/><\/a><\/p>\n","protected":false},"excerpt":{"rendered":"<p data-start=\"68\" data-end=\"317\">Profesyonel laboratuvarlar i\u00e7in geli\u015ftirilen DLAB serisi pipet yard\u0131mc\u0131s\u0131, hassas s\u0131v\u0131 transferini h\u0131zl\u0131, g\u00fcvenli ve konforlu hale getirir. Ergonomik tasar\u0131m\u0131 ve geli\u015fmi\u015f fonksiyonlar\u0131 sayesinde yo\u011fun kullan\u0131mlarda maksimum verimlilik sa\u011flar.<\/p>\n<p data-start=\"319\" data-end=\"340\"><strong data-start=\"319\" data-end=\"340\">\u00dcr\u00fcn \u00d6zellikleri:<\/strong><\/p>\n<ul data-start=\"341\" data-end=\"797\">\n<li data-section-id=\"u6bopk\" data-start=\"341\" data-end=\"372\">Marka: DLAB<\/li>\n<li data-section-id=\"1f3jsnf\" data-start=\"373\" data-end=\"436\">Dijital ekran ile hacim ve \u00e7al\u0131\u015fma durumunu net g\u00f6r\u00fcnt\u00fcleme<\/li>\n<li data-section-id=\"lvichz\" data-start=\"437\" data-end=\"477\">Kolay kalibrasyon, temizlik ve bak\u0131m<\/li>\n<li data-section-id=\"a3olta\" data-start=\"478\" data-end=\"534\">\u00c7apraz kontaminasyonu \u00f6nleyen entegre membran filtre<\/li>\n<li data-section-id=\"gveeoi\" data-start=\"535\" data-end=\"612\">Otoklavlanabilir pipet adapt\u00f6r\u00fc (120\u00b0C, 20 dk) \u2013 steril \u00e7al\u0131\u015fmalara uygun<\/li>\n<li data-section-id=\"lfok6e\" data-start=\"613\" data-end=\"677\">\u0130nce pipet \u015faft\u0131 ile dar a\u011f\u0131zl\u0131 \u015fi\u015fe ve t\u00fcplere kolay eri\u015fim<\/li>\n<li data-section-id=\"1169cux\" data-start=\"678\" data-end=\"738\">Hafif ve dengeli g\u00f6vde ile uzun s\u00fcreli konforlu kullan\u0131m<\/li>\n<li data-section-id=\"83avl2\" data-start=\"739\" data-end=\"797\">Ergonomik tasar\u0131m ve parmak deste\u011fi ile hassas kontrol<\/li>\n<\/ul>\n<p data-start=\"799\" data-end=\"821\"><strong data-start=\"799\" data-end=\"821\">Kullan\u0131m Alanlar\u0131:<\/strong><\/p>\n<ul data-start=\"822\" data-end=\"944\">\n<li data-section-id=\"8f4v6z\" data-start=\"822\" data-end=\"872\">Mikrobiyoloji ve biyoteknoloji laboratuvarlar\u0131<\/li>\n<li data-section-id=\"631te9\" data-start=\"873\" data-end=\"909\">Klinik ve analiz laboratuvarlar\u0131<\/li>\n<li data-section-id=\"1dzs6q\" data-start=\"910\" data-end=\"944\">E\u011fitim ve ara\u015ft\u0131rma merkezleri<\/li>\n<\/ul>\n<p data-start=\"946\" data-end=\"962\"><strong data-start=\"946\" data-end=\"962\">Avantajlar\u0131:<\/strong><\/p>\n<ul data-start=\"963\" data-end=\"1099\">\n<li data-section-id=\"v2ht33\" data-start=\"963\" data-end=\"993\">H\u0131zl\u0131 ve g\u00fcvenli pipetleme<\/li>\n<li data-section-id=\"11w8usq\" data-start=\"994\" data-end=\"1021\">Kullan\u0131c\u0131 dostu tasar\u0131m<\/li>\n<li data-section-id=\"vz5cah\" data-start=\"1022\" data-end=\"1065\">Y\u00fcksek hassasiyet ve tekrarlanabilirlik<\/li>\n<li data-section-id=\"1irjhmv\" data-start=\"1066\" data-end=\"1099\">Uzun \u00f6m\u00fcrl\u00fc ve dayan\u0131kl\u0131 yap\u0131<\/li>\n<\/ul>\n<p data-start=\"1101\" data-end=\"1232\" data-is-last-node=\"\" data-is-only-node=\"\">DLAB serisi, laboratuvar \u00e7al\u0131\u015fmalar\u0131n\u0131zda hassasiyet, hijyen ve kullan\u0131m kolayl\u0131\u011f\u0131n\u0131 bir arada sunan g\u00fcvenilir bir \u00e7\u00f6z\u00fcmd\u00fcr.<\/p>\n","protected":false},"featured_media":2181,"comment_status":"open","ping_status":"closed","template":"","meta":{"neve_meta_sidebar":"","neve_meta_container":"","neve_meta_enable_content_width":"off","neve_meta_content_width":100,"neve_meta_title_alignment":"","neve_meta_author_avatar":"","neve_post_elements_order":"","neve_meta_disable_header":"","neve_meta_disable_footer":"","neve_meta_disable_title":"","_themeisle_gutenberg_block_has_review":false},"product_brand":[],"product_cat":[55],"product_tag":[],"class_list":{"0":"post-2180","1":"product","2":"type-product","3":"status-publish","4":"has-post-thumbnail","6":"product_cat-otomatik-pipetler","8":"first","9":"instock","10":"taxable","11":"shipping-taxable","12":"purchasable","13":"product-type-simple"},"_links":{"self":[{"href":"https:\/\/hbbkimya.com\/index.php?rest_route=\/wp\/v2\/product\/2180","targetHints":{"allow":["GET"]}}],"collection":[{"href":"https:\/\/hbbkimya.com\/index.php?rest_route=\/wp\/v2\/product"}],"about":[{"href":"https:\/\/hbbkimya.com\/index.php?rest_route=\/wp\/v2\/types\/product"}],"replies":[{"embeddable":true,"href":"https:\/\/hbbkimya.com\/index.php?rest_route=%2Fwp%2Fv2%2Fcomments&post=2180"}],"wp:featuredmedia":[{"embeddable":true,"href":"https:\/\/hbbkimya.com\/index.php?rest_route=\/wp\/v2\/media\/2181"}],"wp:attachment":[{"href":"https:\/\/hbbkimya.com\/index.php?rest_route=%2Fwp%2Fv2%2Fmedia&parent=2180"}],"wp:term":[{"taxonomy":"product_brand","embeddable":true,"href":"https:\/\/hbbkimya.com\/index.php?rest_route=%2Fwp%2Fv2%2Fproduct_brand&post=2180"},{"taxonomy":"product_cat","embeddable":true,"href":"https:\/\/hbbkimya.com\/index.php?rest_route=%2Fwp%2Fv2%2Fproduct_cat&post=2180"},{"taxonomy":"product_tag","embeddable":true,"href":"https:\/\/hbbkimya.com\/index.php?rest_route=%2Fwp%2Fv2%2Fproduct_tag&post=2180"}],"curies":[{"name":"wp","href":"https:\/\/api.w.org\/{rel}","templated":true}]}}