{"id":2053,"date":"2026-02-08T21:46:32","date_gmt":"2026-02-08T18:46:32","guid":{"rendered":"https:\/\/hbbkimya.com\/?post_type=product&#038;p=2053"},"modified":"2026-02-11T20:59:46","modified_gmt":"2026-02-11T17:59:46","slug":"alkol-lambasi-150-ml-ispirto-ocagi","status":"publish","type":"product","link":"https:\/\/hbbkimya.com\/?product=alkol-lambasi-150-ml-ispirto-ocagi","title":{"rendered":"Alkol Lambas\u0131 150 ml &#8211; \u0130spirto Oca\u011f\u0131"},"content":{"rendered":"<p><a href=\"https:\/\/hbbkimya.com\/wp-content\/uploads\/2026\/02\/alkol-lambasi-ispirto-ocagi-alcohol-burner.png\"><img loading=\"lazy\" decoding=\"async\" class=\"alignnone size-medium wp-image-2054\" src=\"https:\/\/hbbkimya.com\/wp-content\/uploads\/2026\/02\/alkol-lambasi-ispirto-ocagi-alcohol-burner-300x300.png\" alt=\"\" width=\"300\" height=\"300\" srcset=\"https:\/\/hbbkimya.com\/wp-content\/uploads\/2026\/02\/alkol-lambasi-ispirto-ocagi-alcohol-burner-300x300.png 300w, https:\/\/hbbkimya.com\/wp-content\/uploads\/2026\/02\/alkol-lambasi-ispirto-ocagi-alcohol-burner-150x150.png 150w, https:\/\/hbbkimya.com\/wp-content\/uploads\/2026\/02\/alkol-lambasi-ispirto-ocagi-alcohol-burner-768x768.png 768w, https:\/\/hbbkimya.com\/wp-content\/uploads\/2026\/02\/alkol-lambasi-ispirto-ocagi-alcohol-burner-600x600.png 600w, https:\/\/hbbkimya.com\/wp-content\/uploads\/2026\/02\/alkol-lambasi-ispirto-ocagi-alcohol-burner-100x100.png 100w, https:\/\/hbbkimya.com\/wp-content\/uploads\/2026\/02\/alkol-lambasi-ispirto-ocagi-alcohol-burner.png 1000w\" sizes=\"auto, (max-width: 300px) 100vw, 300px\" \/><\/a><\/p>\n","protected":false},"excerpt":{"rendered":"<p data-start=\"158\" data-end=\"333\">Laboratuvar, e\u011fitim ve genel ama\u00e7l\u0131 \u0131s\u0131tma uygulamalar\u0131 i\u00e7in tasarlanm\u0131\u015f 150 ml kapasiteli alkol lambas\u0131d\u0131r. Kontroll\u00fc ve dengeli alev yap\u0131s\u0131 sayesinde g\u00fcvenli kullan\u0131m sunar.<\/p>\n<h4 data-start=\"335\" data-end=\"356\">Paket \u0130\u00e7eri\u011fi ;1 adet 150 ml alkol lambas\u0131 (plastik kapakl\u0131)<\/h4>\n<h4 data-start=\"406\" data-end=\"431\"><strong data-start=\"410\" data-end=\"431\">Teknik \u00d6zellikler<\/strong><\/h4>\n<ul>\n<li data-start=\"435\" data-end=\"457\"><strong data-start=\"435\" data-end=\"448\">Kapasite:<\/strong> 150 ml<\/li>\n<li data-start=\"460\" data-end=\"532\"><strong data-start=\"460\" data-end=\"475\">Yak\u0131t Tipi:<\/strong> Alkol (etil\/denat\u00fcre alkol ile kullan\u0131m i\u00e7in uygundur)<\/li>\n<li data-start=\"535\" data-end=\"578\"><strong data-start=\"535\" data-end=\"553\">Alev \u00d6zelli\u011fi:<\/strong> Duman ve is olu\u015fturmaz<\/li>\n<li data-start=\"581\" data-end=\"622\"><strong data-start=\"581\" data-end=\"591\">Fitil:<\/strong> De\u011fi\u015ftirilebilir pamuk fitil<\/li>\n<li data-start=\"625\" data-end=\"698\"><strong data-start=\"625\" data-end=\"635\">Kapak:<\/strong> Plastik kapama kapa\u011f\u0131 (alev s\u00f6nd\u00fcrme ve g\u00fcvenli muhafaza i\u00e7in)<\/li>\n<\/ul>\n<h4 data-start=\"700\" data-end=\"729\"><strong data-start=\"704\" data-end=\"729\">Tasar\u0131m ve Avantajlar<\/strong><\/h4>\n<ul>\n<li data-start=\"733\" data-end=\"768\">Dengeli ve sabit alev performans\u0131<\/li>\n<li data-start=\"771\" data-end=\"806\">Kolay yakma ve kontroll\u00fc s\u00f6nd\u00fcrme<\/li>\n<li data-start=\"809\" data-end=\"860\">Plastik kapak sayesinde pratik ve g\u00fcvenli kapatma<\/li>\n<li data-start=\"863\" data-end=\"887\">Dayan\u0131kl\u0131 g\u00f6vde yap\u0131s\u0131<\/li>\n<li data-start=\"890\" data-end=\"939\">E\u011fitim ve laboratuvar ortamlar\u0131na uygun tasar\u0131m<\/li>\n<\/ul>\n<p data-start=\"941\" data-end=\"1056\">Biyoloji, kimya laboratuvarlar\u0131, e\u011fitim kurumlar\u0131 ve genel \u0131s\u0131tma uygulamalar\u0131 i\u00e7in ideal ve ekonomik bir \u00e7\u00f6z\u00fcmd\u00fcr.<\/p>\n","protected":false},"featured_media":2054,"comment_status":"open","ping_status":"closed","template":"","meta":{"neve_meta_sidebar":"","neve_meta_container":"","neve_meta_enable_content_width":"off","neve_meta_content_width":100,"neve_meta_title_alignment":"","neve_meta_author_avatar":"","neve_post_elements_order":"","neve_meta_disable_header":"","neve_meta_disable_footer":"","neve_meta_disable_title":"","_themeisle_gutenberg_block_has_review":false},"product_brand":[],"product_cat":[38],"product_tag":[],"class_list":{"0":"post-2053","1":"product","2":"type-product","3":"status-publish","4":"has-post-thumbnail","6":"product_cat-sarf-plastik","8":"first","9":"instock","10":"taxable","11":"shipping-taxable","12":"purchasable","13":"product-type-simple"},"_links":{"self":[{"href":"https:\/\/hbbkimya.com\/index.php?rest_route=\/wp\/v2\/product\/2053","targetHints":{"allow":["GET"]}}],"collection":[{"href":"https:\/\/hbbkimya.com\/index.php?rest_route=\/wp\/v2\/product"}],"about":[{"href":"https:\/\/hbbkimya.com\/index.php?rest_route=\/wp\/v2\/types\/product"}],"replies":[{"embeddable":true,"href":"https:\/\/hbbkimya.com\/index.php?rest_route=%2Fwp%2Fv2%2Fcomments&post=2053"}],"wp:featuredmedia":[{"embeddable":true,"href":"https:\/\/hbbkimya.com\/index.php?rest_route=\/wp\/v2\/media\/2054"}],"wp:attachment":[{"href":"https:\/\/hbbkimya.com\/index.php?rest_route=%2Fwp%2Fv2%2Fmedia&parent=2053"}],"wp:term":[{"taxonomy":"product_brand","embeddable":true,"href":"https:\/\/hbbkimya.com\/index.php?rest_route=%2Fwp%2Fv2%2Fproduct_brand&post=2053"},{"taxonomy":"product_cat","embeddable":true,"href":"https:\/\/hbbkimya.com\/index.php?rest_route=%2Fwp%2Fv2%2Fproduct_cat&post=2053"},{"taxonomy":"product_tag","embeddable":true,"href":"https:\/\/hbbkimya.com\/index.php?rest_route=%2Fwp%2Fv2%2Fproduct_tag&post=2053"}],"curies":[{"name":"wp","href":"https:\/\/api.w.org\/{rel}","templated":true}]}}