{"id":2031,"date":"2026-02-08T20:07:00","date_gmt":"2026-02-08T17:07:00","guid":{"rendered":"https:\/\/hbbkimya.com\/?post_type=product&#038;p=2031"},"modified":"2026-04-20T15:31:08","modified_gmt":"2026-04-20T12:31:08","slug":"piset-integral-500-ml-pe-ld","status":"publish","type":"product","link":"https:\/\/hbbkimya.com\/?product=piset-integral-500-ml-pe-ld","title":{"rendered":"Piset \u0130ntegral 500 ml PE &#8211; LD"},"content":{"rendered":"<p><a href=\"https:\/\/hbbkimya.com\/wp-content\/uploads\/2026\/02\/piset-integral-pe-500-ml.png\"><img loading=\"lazy\" decoding=\"async\" class=\"alignnone size-medium wp-image-2032\" src=\"https:\/\/hbbkimya.com\/wp-content\/uploads\/2026\/02\/piset-integral-pe-500-ml-272x300.png\" alt=\"\" width=\"272\" height=\"300\" srcset=\"https:\/\/hbbkimya.com\/wp-content\/uploads\/2026\/02\/piset-integral-pe-500-ml-272x300.png 272w, https:\/\/hbbkimya.com\/wp-content\/uploads\/2026\/02\/piset-integral-pe-500-ml.png 583w\" sizes=\"auto, (max-width: 272px) 100vw, 272px\" \/><\/a><\/p>\n","protected":false},"excerpt":{"rendered":"<p data-start=\"145\" data-end=\"348\">Laboratuvarlarda s\u0131v\u0131 y\u0131kama, \u00e7\u00f6zelti transferi ve hassas uygulamalar i\u00e7in tasarlanm\u0131\u015f 500 ml kapasiteli integral pisettir. Dayan\u0131kl\u0131 ve ergonomik yap\u0131s\u0131 sayesinde g\u00fcvenli ve kontroll\u00fc s\u0131v\u0131 ak\u0131\u015f\u0131 sa\u011flar.<\/p>\n<h3 data-start=\"350\" data-end=\"371\"><strong data-start=\"354\" data-end=\"371\">Paket \u0130\u00e7eri\u011fi<\/strong><\/h3>\n<ul data-start=\"372\" data-end=\"402\">\n<li data-start=\"372\" data-end=\"402\">\n<p data-start=\"374\" data-end=\"402\">1 adet 500 ml integral piset<\/p>\n<\/li>\n<\/ul>\n<h3 data-start=\"404\" data-end=\"429\"><strong data-start=\"408\" data-end=\"429\">Teknik \u00d6zellikler<\/strong><\/h3>\n<ul>\n<li data-start=\"433\" data-end=\"494\"><strong data-start=\"433\" data-end=\"445\">Malzeme:<\/strong> Yar\u0131 sert \/ y\u00fcksek \u015feffafl\u0131kta Polietilen (PE)<\/li>\n<li data-start=\"497\" data-end=\"519\"><strong data-start=\"497\" data-end=\"510\">Kapasite:<\/strong> 500 ml<\/li>\n<li data-start=\"522\" data-end=\"562\"><strong data-start=\"522\" data-end=\"544\">S\u0131cakl\u0131k Dayan\u0131m\u0131:<\/strong> -50\u00b0C ile +80\u00b0C<\/li>\n<li data-start=\"565\" data-end=\"634\"><strong data-start=\"565\" data-end=\"586\">Kimyasal Dayan\u0131m:<\/strong> Asitler, alkoller ve bazlara kar\u015f\u0131 iyi diren\u00e7<\/li>\n<li data-start=\"637\" data-end=\"686\"><strong data-start=\"637\" data-end=\"649\">Tasar\u0131m:<\/strong> Entegre (tek par\u00e7a) da\u011f\u0131t\u0131m borusu<\/li>\n<li data-start=\"688\" data-end=\"729\"><strong data-start=\"692\" data-end=\"729\">Tasar\u0131m ve Fonksiyonel Avantajlar<\/strong><\/li>\n<li data-start=\"733\" data-end=\"777\">Kal\u0131n duvarl\u0131 ve darbelere dayan\u0131kl\u0131 g\u00f6vde<\/li>\n<li data-start=\"780\" data-end=\"869\">Yuvarlak boyun formu sayesinde kesintisiz ak\u0131\u015f ve boyun k\u0131sm\u0131nda s\u0131v\u0131 birikimini \u00f6nleme<\/li>\n<li data-start=\"872\" data-end=\"954\">G\u00f6vdeye hafif bas\u0131n\u00e7 uyguland\u0131\u011f\u0131nda d\u00fcz ve ince ak\u0131\u015f sa\u011flayan esnek \u00e7\u0131k\u0131\u015f borusu<\/li>\n<li data-start=\"957\" data-end=\"1000\">\u015ei\u015fe yan\u0131na entegre sa\u011flam da\u011f\u0131t\u0131m borusu<\/li>\n<li data-start=\"1003\" data-end=\"1077\">\u015ei\u015fe taban\u0131na kadar uzanan i\u00e7 t\u00fcp ile maksimum s\u0131v\u0131 kullan\u0131m verimlili\u011fi<\/li>\n<\/ul>\n<p data-start=\"1079\" data-end=\"1168\">Laboratuvar, e\u011fitim ve end\u00fcstriyel uygulamalarda g\u00fcvenilir ve uzun \u00f6m\u00fcrl\u00fc kullan\u0131m sunar.<\/p>\n","protected":false},"featured_media":2032,"comment_status":"open","ping_status":"closed","template":"","meta":{"neve_meta_sidebar":"","neve_meta_container":"","neve_meta_enable_content_width":"off","neve_meta_content_width":100,"neve_meta_title_alignment":"","neve_meta_author_avatar":"","neve_post_elements_order":"","neve_meta_disable_header":"","neve_meta_disable_footer":"","neve_meta_disable_title":"","_themeisle_gutenberg_block_has_review":false},"product_brand":[],"product_cat":[38],"product_tag":[],"class_list":{"0":"post-2031","1":"product","2":"type-product","3":"status-publish","4":"has-post-thumbnail","6":"product_cat-sarf-plastik","8":"first","9":"instock","10":"taxable","11":"shipping-taxable","12":"purchasable","13":"product-type-simple"},"_links":{"self":[{"href":"https:\/\/hbbkimya.com\/index.php?rest_route=\/wp\/v2\/product\/2031","targetHints":{"allow":["GET"]}}],"collection":[{"href":"https:\/\/hbbkimya.com\/index.php?rest_route=\/wp\/v2\/product"}],"about":[{"href":"https:\/\/hbbkimya.com\/index.php?rest_route=\/wp\/v2\/types\/product"}],"replies":[{"embeddable":true,"href":"https:\/\/hbbkimya.com\/index.php?rest_route=%2Fwp%2Fv2%2Fcomments&post=2031"}],"wp:featuredmedia":[{"embeddable":true,"href":"https:\/\/hbbkimya.com\/index.php?rest_route=\/wp\/v2\/media\/2032"}],"wp:attachment":[{"href":"https:\/\/hbbkimya.com\/index.php?rest_route=%2Fwp%2Fv2%2Fmedia&parent=2031"}],"wp:term":[{"taxonomy":"product_brand","embeddable":true,"href":"https:\/\/hbbkimya.com\/index.php?rest_route=%2Fwp%2Fv2%2Fproduct_brand&post=2031"},{"taxonomy":"product_cat","embeddable":true,"href":"https:\/\/hbbkimya.com\/index.php?rest_route=%2Fwp%2Fv2%2Fproduct_cat&post=2031"},{"taxonomy":"product_tag","embeddable":true,"href":"https:\/\/hbbkimya.com\/index.php?rest_route=%2Fwp%2Fv2%2Fproduct_tag&post=2031"}],"curies":[{"name":"wp","href":"https:\/\/api.w.org\/{rel}","templated":true}]}}