{"id":2023,"date":"2026-02-08T19:38:13","date_gmt":"2026-02-08T16:38:13","guid":{"rendered":"https:\/\/hbbkimya.com\/?post_type=product&#038;p=2023"},"modified":"2026-02-11T23:02:57","modified_gmt":"2026-02-11T20:02:57","slug":"laboratuvar-deney-tup-yikama-fircasi-kucuk-boy","status":"publish","type":"product","link":"https:\/\/hbbkimya.com\/?product=laboratuvar-deney-tup-yikama-fircasi-kucuk-boy","title":{"rendered":"Laboratuvar T\u00fcp Y\u0131kama F\u0131r\u00e7as\u0131 &#8211; K\u00fc\u00e7\u00fck Boy"},"content":{"rendered":"<p><a href=\"https:\/\/hbbkimya.com\/wp-content\/uploads\/2026\/02\/laboratuvar-deney-tup-yikama-fircasi-firca-boyu-9cm.png\"><img loading=\"lazy\" decoding=\"async\" class=\"alignnone size-medium wp-image-2024\" src=\"https:\/\/hbbkimya.com\/wp-content\/uploads\/2026\/02\/laboratuvar-deney-tup-yikama-fircasi-firca-boyu-9cm-300x300.png\" alt=\"\" width=\"300\" height=\"300\" srcset=\"https:\/\/hbbkimya.com\/wp-content\/uploads\/2026\/02\/laboratuvar-deney-tup-yikama-fircasi-firca-boyu-9cm-300x300.png 300w, https:\/\/hbbkimya.com\/wp-content\/uploads\/2026\/02\/laboratuvar-deney-tup-yikama-fircasi-firca-boyu-9cm-1024x1024.png 1024w, https:\/\/hbbkimya.com\/wp-content\/uploads\/2026\/02\/laboratuvar-deney-tup-yikama-fircasi-firca-boyu-9cm-150x150.png 150w, https:\/\/hbbkimya.com\/wp-content\/uploads\/2026\/02\/laboratuvar-deney-tup-yikama-fircasi-firca-boyu-9cm-768x768.png 768w, https:\/\/hbbkimya.com\/wp-content\/uploads\/2026\/02\/laboratuvar-deney-tup-yikama-fircasi-firca-boyu-9cm-1536x1536.png 1536w, https:\/\/hbbkimya.com\/wp-content\/uploads\/2026\/02\/laboratuvar-deney-tup-yikama-fircasi-firca-boyu-9cm-600x600.png 600w, https:\/\/hbbkimya.com\/wp-content\/uploads\/2026\/02\/laboratuvar-deney-tup-yikama-fircasi-firca-boyu-9cm-100x100.png 100w, https:\/\/hbbkimya.com\/wp-content\/uploads\/2026\/02\/laboratuvar-deney-tup-yikama-fircasi-firca-boyu-9cm.png 1920w\" sizes=\"auto, (max-width: 300px) 100vw, 300px\" \/><\/a><\/p>\n","protected":false},"excerpt":{"rendered":"<p data-start=\"31\" data-end=\"247\">Dar a\u011f\u0131zl\u0131 deney t\u00fcpleri, cam borular ve benzeri laboratuvar ekipmanlar\u0131n\u0131n etkili \u015fekilde temizlenmesi i\u00e7in tasarlanm\u0131\u015ft\u0131r. \u0130nce ve esnek yap\u0131s\u0131 sayesinde ula\u015f\u0131lmas\u0131 zor alanlarda y\u00fcksek temizlik performans\u0131 sa\u011flar.<\/p>\n<p data-start=\"249\" data-end=\"274\"><strong data-start=\"249\" data-end=\"274\">\u00d6ne \u00c7\u0131kan \u00d6zellikler:<\/strong><\/p>\n<ul data-start=\"275\" data-end=\"569\">\n<li data-start=\"275\" data-end=\"338\">\n<p data-start=\"277\" data-end=\"338\">Dar \u00e7apl\u0131 cam ve plastik laboratuvar malzemeleri i\u00e7in ideal<\/p>\n<\/li>\n<li data-start=\"339\" data-end=\"403\">\n<p data-start=\"341\" data-end=\"403\">B\u00fck\u00fclm\u00fc\u015f \u00e7elik tel sap ile dayan\u0131kl\u0131 ve uzun \u00f6m\u00fcrl\u00fc kullan\u0131m<\/p>\n<\/li>\n<li data-start=\"404\" data-end=\"452\">\n<p data-start=\"406\" data-end=\"452\">Do\u011fal ve dayan\u0131kl\u0131 fiber\/perlon f\u0131r\u00e7a u\u00e7lar\u0131<\/p>\n<\/li>\n<li data-start=\"453\" data-end=\"511\">\n<p data-start=\"455\" data-end=\"511\">Esnek g\u00f6vde yap\u0131s\u0131 sayesinde t\u00fcp i\u00e7 y\u00fczeyine tam temas<\/p>\n<\/li>\n<li data-start=\"512\" data-end=\"569\">\n<p data-start=\"514\" data-end=\"569\">As\u0131labilir tasar\u0131m ile pratik saklama ve kolay eri\u015fim<\/p>\n<\/li>\n<\/ul>\n<p data-start=\"571\" data-end=\"660\" data-is-last-node=\"\" data-is-only-node=\"\">Laboratuvar ortam\u0131nda hijyenik ve g\u00fcvenilir temizlik i\u00e7in pratik bir yard\u0131mc\u0131 ekipmand\u0131r.<\/p>\n","protected":false},"featured_media":2024,"comment_status":"open","ping_status":"closed","template":"","meta":{"neve_meta_sidebar":"","neve_meta_container":"","neve_meta_enable_content_width":"off","neve_meta_content_width":100,"neve_meta_title_alignment":"","neve_meta_author_avatar":"","neve_post_elements_order":"","neve_meta_disable_header":"","neve_meta_disable_footer":"","neve_meta_disable_title":"","_themeisle_gutenberg_block_has_review":false},"product_brand":[],"product_cat":[38],"product_tag":[],"class_list":{"0":"post-2023","1":"product","2":"type-product","3":"status-publish","4":"has-post-thumbnail","6":"product_cat-sarf-plastik","8":"first","9":"instock","10":"taxable","11":"shipping-taxable","12":"purchasable","13":"product-type-simple"},"_links":{"self":[{"href":"https:\/\/hbbkimya.com\/index.php?rest_route=\/wp\/v2\/product\/2023","targetHints":{"allow":["GET"]}}],"collection":[{"href":"https:\/\/hbbkimya.com\/index.php?rest_route=\/wp\/v2\/product"}],"about":[{"href":"https:\/\/hbbkimya.com\/index.php?rest_route=\/wp\/v2\/types\/product"}],"replies":[{"embeddable":true,"href":"https:\/\/hbbkimya.com\/index.php?rest_route=%2Fwp%2Fv2%2Fcomments&post=2023"}],"wp:featuredmedia":[{"embeddable":true,"href":"https:\/\/hbbkimya.com\/index.php?rest_route=\/wp\/v2\/media\/2024"}],"wp:attachment":[{"href":"https:\/\/hbbkimya.com\/index.php?rest_route=%2Fwp%2Fv2%2Fmedia&parent=2023"}],"wp:term":[{"taxonomy":"product_brand","embeddable":true,"href":"https:\/\/hbbkimya.com\/index.php?rest_route=%2Fwp%2Fv2%2Fproduct_brand&post=2023"},{"taxonomy":"product_cat","embeddable":true,"href":"https:\/\/hbbkimya.com\/index.php?rest_route=%2Fwp%2Fv2%2Fproduct_cat&post=2023"},{"taxonomy":"product_tag","embeddable":true,"href":"https:\/\/hbbkimya.com\/index.php?rest_route=%2Fwp%2Fv2%2Fproduct_tag&post=2023"}],"curies":[{"name":"wp","href":"https:\/\/api.w.org\/{rel}","templated":true}]}}