{"id":1997,"date":"2026-02-04T20:53:05","date_gmt":"2026-02-04T17:53:05","guid":{"rendered":"https:\/\/hbbkimya.com\/?post_type=product&#038;p=1997"},"modified":"2026-04-12T19:41:53","modified_gmt":"2026-04-12T16:41:53","slug":"nitril-eldiven-yesil-l-kimyasal-asit-eldiveni-15-mil","status":"publish","type":"product","link":"https:\/\/hbbkimya.com\/?product=nitril-eldiven-yesil-l-kimyasal-asit-eldiveni-15-mil","title":{"rendered":"Nitril Eldiven Ye\u015fil L &#8211; Kimyasal Asit Eldiveni &#8211; 15 Mil"},"content":{"rendered":"<p><a href=\"https:\/\/hbbkimya.com\/wp-content\/uploads\/2026\/02\/yesil-nitril-eldiven-asit-eldiveni-laboratuvar-eldiveni-green-kimyasala-dayanikli-eldiven.jpg\"><img loading=\"lazy\" decoding=\"async\" class=\"alignnone size-medium wp-image-1998\" src=\"https:\/\/hbbkimya.com\/wp-content\/uploads\/2026\/02\/yesil-nitril-eldiven-asit-eldiveni-laboratuvar-eldiveni-green-kimyasala-dayanikli-eldiven-300x225.jpg\" alt=\"\" width=\"300\" height=\"225\" srcset=\"https:\/\/hbbkimya.com\/wp-content\/uploads\/2026\/02\/yesil-nitril-eldiven-asit-eldiveni-laboratuvar-eldiveni-green-kimyasala-dayanikli-eldiven-300x225.jpg 300w, https:\/\/hbbkimya.com\/wp-content\/uploads\/2026\/02\/yesil-nitril-eldiven-asit-eldiveni-laboratuvar-eldiveni-green-kimyasala-dayanikli-eldiven-1024x768.jpg 1024w, https:\/\/hbbkimya.com\/wp-content\/uploads\/2026\/02\/yesil-nitril-eldiven-asit-eldiveni-laboratuvar-eldiveni-green-kimyasala-dayanikli-eldiven-768x576.jpg 768w, https:\/\/hbbkimya.com\/wp-content\/uploads\/2026\/02\/yesil-nitril-eldiven-asit-eldiveni-laboratuvar-eldiveni-green-kimyasala-dayanikli-eldiven-600x450.jpg 600w, https:\/\/hbbkimya.com\/wp-content\/uploads\/2026\/02\/yesil-nitril-eldiven-asit-eldiveni-laboratuvar-eldiveni-green-kimyasala-dayanikli-eldiven.jpg 1100w\" sizes=\"auto, (max-width: 300px) 100vw, 300px\" \/><\/a><\/p>\n","protected":false},"excerpt":{"rendered":"<p data-start=\"50\" data-end=\"77\"><strong data-start=\"50\" data-end=\"68\">Paket \u0130\u00e7eri\u011fi:<\/strong> 1 \u00e7ift<\/p>\n<p data-start=\"79\" data-end=\"308\">A\u015f\u0131nma ve kimyasallara kar\u015f\u0131 y\u00fcksek diren\u00e7li, s\u0131v\u0131 ge\u00e7irmez yap\u0131ya sahip profesyonel nitril eldivendir. Terlemeyi azaltan i\u00e7 astar\u0131 sayesinde konforlu kullan\u0131m sa\u011flar. CE belgeli olup EN 388 ve EN ISO 374 standartlar\u0131na uygundur.<\/p>\n<h3 data-start=\"310\" data-end=\"334\"><strong data-start=\"314\" data-end=\"334\">Kimyasal Dayan\u0131m<\/strong><\/h3>\n<ul data-start=\"335\" data-end=\"457\">\n<li data-start=\"335\" data-end=\"388\">\n<p data-start=\"337\" data-end=\"388\">Y\u00fcksek: n-Heptan, %40 NaOH, %30 H\u2082O\u2082, Formaldehit<\/p>\n<\/li>\n<li data-start=\"389\" data-end=\"430\">\n<p data-start=\"391\" data-end=\"430\">Orta: S\u00fclf\u00fcrik, Nitrik ve Asetik asit<\/p>\n<\/li>\n<li data-start=\"431\" data-end=\"457\">\n<p data-start=\"433\" data-end=\"457\">D\u00fc\u015f\u00fck: Metanol, Aseton<\/p>\n<\/li>\n<\/ul>\n<h3 data-start=\"459\" data-end=\"484\"><strong data-start=\"463\" data-end=\"484\">Kullan\u0131m Alanlar\u0131<\/strong><\/h3>\n<p data-start=\"485\" data-end=\"541\">Kimya, boya, petrol t\u00fcrevleri, g\u0131da ve tar\u0131m sekt\u00f6rleri.<\/p>\n<p data-start=\"543\" data-end=\"644\" data-is-last-node=\"\" data-is-only-node=\"\"><strong data-start=\"543\" data-end=\"551\">Not:<\/strong> Kimyasal temas sonras\u0131 deformasyon g\u00f6r\u00fcl\u00fcrse de\u011fi\u015ftiriniz. Serin ve kuru ortamda saklay\u0131n\u0131z.<\/p>\n","protected":false},"featured_media":1998,"comment_status":"open","ping_status":"closed","template":"","meta":{"neve_meta_sidebar":"","neve_meta_container":"","neve_meta_enable_content_width":"off","neve_meta_content_width":100,"neve_meta_title_alignment":"","neve_meta_author_avatar":"","neve_post_elements_order":"","neve_meta_disable_header":"","neve_meta_disable_footer":"","neve_meta_disable_title":"","_themeisle_gutenberg_block_has_review":false},"product_brand":[],"product_cat":[73],"product_tag":[],"class_list":{"0":"post-1997","1":"product","2":"type-product","3":"status-publish","4":"has-post-thumbnail","6":"product_cat-koruyucu-korunma-urunleri","8":"first","9":"instock","10":"sale","11":"taxable","12":"shipping-taxable","13":"purchasable","14":"product-type-simple"},"_links":{"self":[{"href":"https:\/\/hbbkimya.com\/index.php?rest_route=\/wp\/v2\/product\/1997","targetHints":{"allow":["GET"]}}],"collection":[{"href":"https:\/\/hbbkimya.com\/index.php?rest_route=\/wp\/v2\/product"}],"about":[{"href":"https:\/\/hbbkimya.com\/index.php?rest_route=\/wp\/v2\/types\/product"}],"replies":[{"embeddable":true,"href":"https:\/\/hbbkimya.com\/index.php?rest_route=%2Fwp%2Fv2%2Fcomments&post=1997"}],"wp:featuredmedia":[{"embeddable":true,"href":"https:\/\/hbbkimya.com\/index.php?rest_route=\/wp\/v2\/media\/1998"}],"wp:attachment":[{"href":"https:\/\/hbbkimya.com\/index.php?rest_route=%2Fwp%2Fv2%2Fmedia&parent=1997"}],"wp:term":[{"taxonomy":"product_brand","embeddable":true,"href":"https:\/\/hbbkimya.com\/index.php?rest_route=%2Fwp%2Fv2%2Fproduct_brand&post=1997"},{"taxonomy":"product_cat","embeddable":true,"href":"https:\/\/hbbkimya.com\/index.php?rest_route=%2Fwp%2Fv2%2Fproduct_cat&post=1997"},{"taxonomy":"product_tag","embeddable":true,"href":"https:\/\/hbbkimya.com\/index.php?rest_route=%2Fwp%2Fv2%2Fproduct_tag&post=1997"}],"curies":[{"name":"wp","href":"https:\/\/api.w.org\/{rel}","templated":true}]}}