{"id":1847,"date":"2025-08-23T23:11:47","date_gmt":"2025-08-23T20:11:47","guid":{"rendered":"https:\/\/hbbkimya.com\/?post_type=product&#038;p=1847"},"modified":"2026-04-12T19:53:24","modified_gmt":"2026-04-12T16:53:24","slug":"pro-media-swab-test-10-ml-swab","status":"publish","type":"product","link":"https:\/\/hbbkimya.com\/?product=pro-media-swab-test-10-ml-swab","title":{"rendered":"Pro Media Swab Test 10 ml. Swab"},"content":{"rendered":"<p><a href=\"https:\/\/hbbkimya.com\/wp-content\/uploads\/2025\/08\/pro-media-swab-suruntu-testi-.png\"><img loading=\"lazy\" decoding=\"async\" class=\"alignnone size-medium wp-image-1848\" src=\"https:\/\/hbbkimya.com\/wp-content\/uploads\/2025\/08\/pro-media-swab-suruntu-testi--300x216.png\" alt=\"\" width=\"300\" height=\"216\" srcset=\"https:\/\/hbbkimya.com\/wp-content\/uploads\/2025\/08\/pro-media-swab-suruntu-testi--300x216.png 300w, https:\/\/hbbkimya.com\/wp-content\/uploads\/2025\/08\/pro-media-swab-suruntu-testi-.png 555w\" sizes=\"auto, (max-width: 300px) 100vw, 300px\" \/><\/a><\/p>\n","protected":false},"excerpt":{"rendered":"<p>PAKET \u0130\u00c7ER\u0130\u011e\u0130 ; 10 ADET<\/p>\n<p><a href=\"https:\/\/hbbkimya.com\/wp-content\/uploads\/2025\/08\/pbs-promedia-suruntu.png\"><img loading=\"lazy\" decoding=\"async\" class=\"alignnone size-medium wp-image-1850\" src=\"https:\/\/hbbkimya.com\/wp-content\/uploads\/2025\/08\/pbs-promedia-suruntu-300x186.png\" alt=\"\" width=\"300\" height=\"186\" srcset=\"https:\/\/hbbkimya.com\/wp-content\/uploads\/2025\/08\/pbs-promedia-suruntu-300x186.png 300w, https:\/\/hbbkimya.com\/wp-content\/uploads\/2025\/08\/pbs-promedia-suruntu-600x372.png 600w, https:\/\/hbbkimya.com\/wp-content\/uploads\/2025\/08\/pbs-promedia-suruntu-1024x635.png 1024w, https:\/\/hbbkimya.com\/wp-content\/uploads\/2025\/08\/pbs-promedia-suruntu-768x476.png 768w, https:\/\/hbbkimya.com\/wp-content\/uploads\/2025\/08\/pbs-promedia-suruntu.png 1452w\" sizes=\"auto, (max-width: 300px) 100vw, 300px\" \/><\/a><a href=\"https:\/\/hbbkimya.com\/wp-content\/uploads\/2025\/08\/mikrobiyoloji-hazir-besiyeri.png\"><img loading=\"lazy\" decoding=\"async\" class=\"alignnone size-medium wp-image-1851\" src=\"https:\/\/hbbkimya.com\/wp-content\/uploads\/2025\/08\/mikrobiyoloji-hazir-besiyeri-300x186.png\" alt=\"\" width=\"300\" height=\"186\" srcset=\"https:\/\/hbbkimya.com\/wp-content\/uploads\/2025\/08\/mikrobiyoloji-hazir-besiyeri-300x186.png 300w, https:\/\/hbbkimya.com\/wp-content\/uploads\/2025\/08\/mikrobiyoloji-hazir-besiyeri-600x372.png 600w, https:\/\/hbbkimya.com\/wp-content\/uploads\/2025\/08\/mikrobiyoloji-hazir-besiyeri-1024x636.png 1024w, https:\/\/hbbkimya.com\/wp-content\/uploads\/2025\/08\/mikrobiyoloji-hazir-besiyeri-768x477.png 768w, https:\/\/hbbkimya.com\/wp-content\/uploads\/2025\/08\/mikrobiyoloji-hazir-besiyeri.png 1471w\" sizes=\"auto, (max-width: 300px) 100vw, 300px\" \/><\/a><\/p>\n","protected":false},"featured_media":1848,"comment_status":"open","ping_status":"closed","template":"","meta":{"neve_meta_sidebar":"","neve_meta_container":"","neve_meta_enable_content_width":"off","neve_meta_content_width":100,"neve_meta_title_alignment":"","neve_meta_author_avatar":"","neve_post_elements_order":"","neve_meta_disable_header":"","neve_meta_disable_footer":"","neve_meta_disable_title":"","_themeisle_gutenberg_block_has_review":false},"product_brand":[],"product_cat":[42],"product_tag":[],"class_list":{"0":"post-1847","1":"product","2":"type-product","3":"status-publish","4":"has-post-thumbnail","6":"product_cat-mikrobiyolojik","8":"first","9":"instock","10":"taxable","11":"shipping-taxable","12":"purchasable","13":"product-type-simple"},"_links":{"self":[{"href":"https:\/\/hbbkimya.com\/index.php?rest_route=\/wp\/v2\/product\/1847","targetHints":{"allow":["GET"]}}],"collection":[{"href":"https:\/\/hbbkimya.com\/index.php?rest_route=\/wp\/v2\/product"}],"about":[{"href":"https:\/\/hbbkimya.com\/index.php?rest_route=\/wp\/v2\/types\/product"}],"replies":[{"embeddable":true,"href":"https:\/\/hbbkimya.com\/index.php?rest_route=%2Fwp%2Fv2%2Fcomments&post=1847"}],"wp:featuredmedia":[{"embeddable":true,"href":"https:\/\/hbbkimya.com\/index.php?rest_route=\/wp\/v2\/media\/1848"}],"wp:attachment":[{"href":"https:\/\/hbbkimya.com\/index.php?rest_route=%2Fwp%2Fv2%2Fmedia&parent=1847"}],"wp:term":[{"taxonomy":"product_brand","embeddable":true,"href":"https:\/\/hbbkimya.com\/index.php?rest_route=%2Fwp%2Fv2%2Fproduct_brand&post=1847"},{"taxonomy":"product_cat","embeddable":true,"href":"https:\/\/hbbkimya.com\/index.php?rest_route=%2Fwp%2Fv2%2Fproduct_cat&post=1847"},{"taxonomy":"product_tag","embeddable":true,"href":"https:\/\/hbbkimya.com\/index.php?rest_route=%2Fwp%2Fv2%2Fproduct_tag&post=1847"}],"curies":[{"name":"wp","href":"https:\/\/api.w.org\/{rel}","templated":true}]}}