{"id":1811,"date":"2025-08-17T21:25:42","date_gmt":"2025-08-17T18:25:42","guid":{"rendered":"https:\/\/hbbkimya.com\/?post_type=product&#038;p=1811"},"modified":"2026-04-12T20:30:43","modified_gmt":"2026-04-12T17:30:43","slug":"buret-standi-130x200mm-60cm-cubuklu","status":"publish","type":"product","link":"https:\/\/hbbkimya.com\/?product=buret-standi-130x200mm-60cm-cubuklu","title":{"rendered":"B\u00fcret Stand\u0131 130x200mm &#8211; 60cm \u00c7ubuklu"},"content":{"rendered":"<p><a href=\"https:\/\/hbbkimya.com\/wp-content\/uploads\/2025\/08\/metal-buret-standi-set-dikdortgen-bunzen-mesnedi-laboratuvar-standi.webp\"><img loading=\"lazy\" decoding=\"async\" class=\"alignnone size-medium wp-image-1812\" src=\"https:\/\/hbbkimya.com\/wp-content\/uploads\/2025\/08\/metal-buret-standi-set-dikdortgen-bunzen-mesnedi-laboratuvar-standi-300x300.webp\" alt=\"\" width=\"300\" height=\"300\" srcset=\"https:\/\/hbbkimya.com\/wp-content\/uploads\/2025\/08\/metal-buret-standi-set-dikdortgen-bunzen-mesnedi-laboratuvar-standi-300x300.webp 300w, https:\/\/hbbkimya.com\/wp-content\/uploads\/2025\/08\/metal-buret-standi-set-dikdortgen-bunzen-mesnedi-laboratuvar-standi-100x100.webp 100w, https:\/\/hbbkimya.com\/wp-content\/uploads\/2025\/08\/metal-buret-standi-set-dikdortgen-bunzen-mesnedi-laboratuvar-standi-600x600.webp 600w, https:\/\/hbbkimya.com\/wp-content\/uploads\/2025\/08\/metal-buret-standi-set-dikdortgen-bunzen-mesnedi-laboratuvar-standi-1024x1024.webp 1024w, https:\/\/hbbkimya.com\/wp-content\/uploads\/2025\/08\/metal-buret-standi-set-dikdortgen-bunzen-mesnedi-laboratuvar-standi-150x150.webp 150w, https:\/\/hbbkimya.com\/wp-content\/uploads\/2025\/08\/metal-buret-standi-set-dikdortgen-bunzen-mesnedi-laboratuvar-standi-768x768.webp 768w, https:\/\/hbbkimya.com\/wp-content\/uploads\/2025\/08\/metal-buret-standi-set-dikdortgen-bunzen-mesnedi-laboratuvar-standi.webp 1280w\" sizes=\"auto, (max-width: 300px) 100vw, 300px\" \/><\/a><\/p>\n","protected":false},"excerpt":{"rendered":"<p>(\u00c7ap:12mm, Vida K\u0131sm\u0131:10mm Y\u00fckseklik:60cm) &#8211; Taban(enxboy): 13x20cm &#8211; Taban Kal\u0131nl\u0131k:8mm<\/p>\n<p style=\"font-weight: 400;\">Y\u00fcksek sertlik ve dayan\u0131kl\u0131l\u0131\u011fa sahip olup, darbelere kar\u015f\u0131 olduk\u00e7a sa\u011flamd\u0131r.<\/p>\n<p style=\"font-weight: 400;\">Korozyona kar\u015f\u0131 diren\u00e7lidir<\/p>\n<p style=\"font-weight: 400;\">Kimyasal\/\u00e7\u00f6z\u00fcc\u00fc maddelere kar\u015f\u0131 dayan\u0131kl\u0131 malzemeden \u00fcretilmi\u015ftir.<\/p>\n<p style=\"font-weight: 400;\">Taban alt\u0131na yerle\u015ftirilmi\u015f vidal\u0131 kau\u00e7uk ayaklar stand\u0131n kaymas\u0131n\u0131 \u00f6nlerler.<\/p>\n<p style=\"font-weight: 400;\">Paslanmaz \u00e7elik \u00e7ubukla birlikte g\u00f6nderilmektedir.<\/p>\n","protected":false},"featured_media":1812,"comment_status":"open","ping_status":"closed","template":"","meta":{"neve_meta_sidebar":"","neve_meta_container":"","neve_meta_enable_content_width":"off","neve_meta_content_width":100,"neve_meta_title_alignment":"","neve_meta_author_avatar":"","neve_post_elements_order":"","neve_meta_disable_header":"","neve_meta_disable_footer":"","neve_meta_disable_title":"","_themeisle_gutenberg_block_has_review":false},"product_brand":[],"product_cat":[38],"product_tag":[],"class_list":{"0":"post-1811","1":"product","2":"type-product","3":"status-publish","4":"has-post-thumbnail","6":"product_cat-sarf-plastik","8":"first","9":"outofstock","10":"taxable","11":"shipping-taxable","12":"purchasable","13":"product-type-simple"},"_links":{"self":[{"href":"https:\/\/hbbkimya.com\/index.php?rest_route=\/wp\/v2\/product\/1811","targetHints":{"allow":["GET"]}}],"collection":[{"href":"https:\/\/hbbkimya.com\/index.php?rest_route=\/wp\/v2\/product"}],"about":[{"href":"https:\/\/hbbkimya.com\/index.php?rest_route=\/wp\/v2\/types\/product"}],"replies":[{"embeddable":true,"href":"https:\/\/hbbkimya.com\/index.php?rest_route=%2Fwp%2Fv2%2Fcomments&post=1811"}],"wp:featuredmedia":[{"embeddable":true,"href":"https:\/\/hbbkimya.com\/index.php?rest_route=\/wp\/v2\/media\/1812"}],"wp:attachment":[{"href":"https:\/\/hbbkimya.com\/index.php?rest_route=%2Fwp%2Fv2%2Fmedia&parent=1811"}],"wp:term":[{"taxonomy":"product_brand","embeddable":true,"href":"https:\/\/hbbkimya.com\/index.php?rest_route=%2Fwp%2Fv2%2Fproduct_brand&post=1811"},{"taxonomy":"product_cat","embeddable":true,"href":"https:\/\/hbbkimya.com\/index.php?rest_route=%2Fwp%2Fv2%2Fproduct_cat&post=1811"},{"taxonomy":"product_tag","embeddable":true,"href":"https:\/\/hbbkimya.com\/index.php?rest_route=%2Fwp%2Fv2%2Fproduct_tag&post=1811"}],"curies":[{"name":"wp","href":"https:\/\/api.w.org\/{rel}","templated":true}]}}