{"id":1772,"date":"2025-08-03T16:34:13","date_gmt":"2025-08-03T13:34:13","guid":{"rendered":"https:\/\/hbbkimya.com\/?post_type=product&#038;p=1772"},"modified":"2025-08-23T22:26:47","modified_gmt":"2025-08-23T19:26:47","slug":"bakir-ii-sulfat-pentahidrat-250-gr","status":"publish","type":"product","link":"https:\/\/hbbkimya.com\/?product=bakir-ii-sulfat-pentahidrat-250-gr","title":{"rendered":"Bak\u0131r II S\u00fclfat Pentahidrat 250 gr"},"content":{"rendered":"<p><a href=\"https:\/\/hbbkimya.com\/wp-content\/uploads\/2025\/08\/bakir-ii-sulfat-pentahidrat-goztasi-copper-ii-sulfate-250gr-scaled.jpg\"><img loading=\"lazy\" decoding=\"async\" class=\"alignnone size-medium wp-image-1773\" src=\"https:\/\/hbbkimya.com\/wp-content\/uploads\/2025\/08\/bakir-ii-sulfat-pentahidrat-goztasi-copper-ii-sulfate-250gr-205x300.jpg\" alt=\"\" width=\"205\" height=\"300\" srcset=\"https:\/\/hbbkimya.com\/wp-content\/uploads\/2025\/08\/bakir-ii-sulfat-pentahidrat-goztasi-copper-ii-sulfate-250gr-205x300.jpg 205w, https:\/\/hbbkimya.com\/wp-content\/uploads\/2025\/08\/bakir-ii-sulfat-pentahidrat-goztasi-copper-ii-sulfate-250gr-scaled-600x877.jpg 600w, https:\/\/hbbkimya.com\/wp-content\/uploads\/2025\/08\/bakir-ii-sulfat-pentahidrat-goztasi-copper-ii-sulfate-250gr-701x1024.jpg 701w, https:\/\/hbbkimya.com\/wp-content\/uploads\/2025\/08\/bakir-ii-sulfat-pentahidrat-goztasi-copper-ii-sulfate-250gr-768x1122.jpg 768w, https:\/\/hbbkimya.com\/wp-content\/uploads\/2025\/08\/bakir-ii-sulfat-pentahidrat-goztasi-copper-ii-sulfate-250gr-1051x1536.jpg 1051w, https:\/\/hbbkimya.com\/wp-content\/uploads\/2025\/08\/bakir-ii-sulfat-pentahidrat-goztasi-copper-ii-sulfate-250gr-1401x2048.jpg 1401w, https:\/\/hbbkimya.com\/wp-content\/uploads\/2025\/08\/bakir-ii-sulfat-pentahidrat-goztasi-copper-ii-sulfate-250gr-scaled.jpg 1752w\" sizes=\"auto, (max-width: 205px) 100vw, 205px\" \/><\/a><\/p>\n","protected":false},"excerpt":{"rendered":"<p>\u00b7Safl\u0131k: 98%\u00a0 \u00a0 \u00a0 \u00b7Form\u00fcl\u00fc :CuSO4 * 5H2O\u00a0 \u00a0 \u00a0 \u00b7Molar k\u00fctle: 249,68 g\/mol<\/p>\n<p>Kire\u00e7 ile kar\u0131\u015ft\u0131r\u0131ld\u0131\u011f\u0131nda Bordo bulamac\u0131 sodyum karbonat ile kar\u0131\u015ft\u0131r\u0131ld\u0131\u011f\u0131nda ise Burgonya Bulamac\u0131 ad\u0131 verilen ve \u00f6zellikle ba\u011flardaki ve meyve a\u011fa\u00e7lar\u0131ndaki mantari hastal\u0131klarla m\u00fccadele amac\u0131yla kullan\u0131lan zirai ila\u00e7lar\u0131n haz\u0131rlanmas\u0131nda kullan\u0131l\u0131r.<\/p>\n<p>Yosun \u00f6nleyici olarak y\u00fczme havuzlar\u0131nda kullan\u0131lmaktad\u0131r.<\/p>\n<p>Elektroliz y\u00f6ntemi i\u00e7in bak\u0131r tozu \u00fcretiminde elektrolitik olarak kullan\u0131l\u0131r.<\/p>\n<p>Bak\u0131r s\u00fclfat okullarda bak\u0131r kaplama deneylerinde kristallerin g\u00f6r\u00fcnebilir bir hal almas\u0131n\u0131 sa\u011flamak i\u00e7in kullan\u0131lmaktad\u0131r.\u00a0\u00c7\u00f6zelti formunda parazit enfeksiyonlar i\u00e7in bal\u0131k\u00e7\u0131l\u0131k sekt\u00f6r\u00fcnde kullan\u0131lmaktad\u0131r.<\/p>\n<p>\u00c7iftlik giri\u015flerindeki ayak banyolar\u0131; Bak\u0131r t\u0131rnaktaki keratin olu\u015fumunu ve sertli\u011fini destekleyen bir mineraldir. T\u0131rnak sa\u011fl\u0131\u011f\u0131n\u0131 korumada, t\u0131rna\u011f\u0131n dayan\u0131kl\u0131l\u0131\u011f\u0131n\u0131\u00a0art\u0131rmada ve ayak hastal\u0131klar\u0131n\u0131 tedavisinde olduk\u00e7a etkilidir.<\/p>\n<p>Laboratuvarda analiz maksatl\u0131 kullan\u0131lmaktad\u0131r.<\/p>\n","protected":false},"featured_media":1773,"comment_status":"open","ping_status":"closed","template":"","meta":{"neve_meta_sidebar":"","neve_meta_container":"","neve_meta_enable_content_width":"off","neve_meta_content_width":100,"neve_meta_title_alignment":"","neve_meta_author_avatar":"","neve_post_elements_order":"","neve_meta_disable_header":"","neve_meta_disable_footer":"","neve_meta_disable_title":"","_themeisle_gutenberg_block_has_review":false},"product_brand":[65],"product_cat":[44],"product_tag":[],"class_list":{"0":"post-1772","1":"product","2":"type-product","3":"status-publish","4":"has-post-thumbnail","6":"product_brand-hbbchem","7":"product_cat-toz-kati","9":"first","10":"instock","11":"taxable","12":"shipping-taxable","13":"purchasable","14":"product-type-simple"},"_links":{"self":[{"href":"https:\/\/hbbkimya.com\/index.php?rest_route=\/wp\/v2\/product\/1772","targetHints":{"allow":["GET"]}}],"collection":[{"href":"https:\/\/hbbkimya.com\/index.php?rest_route=\/wp\/v2\/product"}],"about":[{"href":"https:\/\/hbbkimya.com\/index.php?rest_route=\/wp\/v2\/types\/product"}],"replies":[{"embeddable":true,"href":"https:\/\/hbbkimya.com\/index.php?rest_route=%2Fwp%2Fv2%2Fcomments&post=1772"}],"wp:featuredmedia":[{"embeddable":true,"href":"https:\/\/hbbkimya.com\/index.php?rest_route=\/wp\/v2\/media\/1773"}],"wp:attachment":[{"href":"https:\/\/hbbkimya.com\/index.php?rest_route=%2Fwp%2Fv2%2Fmedia&parent=1772"}],"wp:term":[{"taxonomy":"product_brand","embeddable":true,"href":"https:\/\/hbbkimya.com\/index.php?rest_route=%2Fwp%2Fv2%2Fproduct_brand&post=1772"},{"taxonomy":"product_cat","embeddable":true,"href":"https:\/\/hbbkimya.com\/index.php?rest_route=%2Fwp%2Fv2%2Fproduct_cat&post=1772"},{"taxonomy":"product_tag","embeddable":true,"href":"https:\/\/hbbkimya.com\/index.php?rest_route=%2Fwp%2Fv2%2Fproduct_tag&post=1772"}],"curies":[{"name":"wp","href":"https:\/\/api.w.org\/{rel}","templated":true}]}}