{"id":1729,"date":"2025-07-20T18:37:56","date_gmt":"2025-07-20T15:37:56","guid":{"rendered":"https:\/\/hbbkimya.com\/?post_type=product&#038;p=1729"},"modified":"2025-08-23T22:15:50","modified_gmt":"2025-08-23T19:15:50","slug":"hidroklorik-asit-30-33-chem-pure-100-ml","status":"publish","type":"product","link":"https:\/\/hbbkimya.com\/?product=hidroklorik-asit-30-33-chem-pure-100-ml","title":{"rendered":"Hidroklorik Asit %30-33 Chem Pure 100 ml"},"content":{"rendered":"<p><a href=\"https:\/\/hbbkimya.com\/wp-content\/uploads\/2025\/04\/hidroklorik-asit-tas-asidi-hcl-kral-suyu-scaled.jpeg\"><img loading=\"lazy\" decoding=\"async\" class=\"alignnone size-medium wp-image-1503\" src=\"https:\/\/hbbkimya.com\/wp-content\/uploads\/2025\/04\/hidroklorik-asit-tas-asidi-hcl-kral-suyu-220x300.jpeg\" alt=\"\" width=\"220\" height=\"300\" srcset=\"https:\/\/hbbkimya.com\/wp-content\/uploads\/2025\/04\/hidroklorik-asit-tas-asidi-hcl-kral-suyu-220x300.jpeg 220w, https:\/\/hbbkimya.com\/wp-content\/uploads\/2025\/04\/hidroklorik-asit-tas-asidi-hcl-kral-suyu-scaled-600x817.jpeg 600w, https:\/\/hbbkimya.com\/wp-content\/uploads\/2025\/04\/hidroklorik-asit-tas-asidi-hcl-kral-suyu-752x1024.jpeg 752w, https:\/\/hbbkimya.com\/wp-content\/uploads\/2025\/04\/hidroklorik-asit-tas-asidi-hcl-kral-suyu-768x1046.jpeg 768w, https:\/\/hbbkimya.com\/wp-content\/uploads\/2025\/04\/hidroklorik-asit-tas-asidi-hcl-kral-suyu-1128x1536.jpeg 1128w, https:\/\/hbbkimya.com\/wp-content\/uploads\/2025\/04\/hidroklorik-asit-tas-asidi-hcl-kral-suyu-1504x2048.jpeg 1504w, https:\/\/hbbkimya.com\/wp-content\/uploads\/2025\/04\/hidroklorik-asit-tas-asidi-hcl-kral-suyu-scaled.jpeg 1880w\" sizes=\"auto, (max-width: 220px) 100vw, 220px\" \/><\/a><\/p>\n","protected":false},"excerpt":{"rendered":"<ul>\n<li>HCL %30-33<\/li>\n<li>Yo\u011funluk\u00a0:\u00a0\u00a01,18g\/cm\u00a03<\/li>\n<li>CAS numaras\u0131\u00a0:\u00a0\u00a07647-01-0<\/li>\n<li>Hidroklorik asit, \u00e7elik \u00fcretiminde kullan\u0131l\u0131r. Pas ve di\u011fer kirleticilerin temizlenmesinde etkilidir.<\/li>\n<li>klor\u00fcr tuz ruhu (tuz asidi) \u00fcretiminde bir \u00f6n bile\u015fen olarak kullan\u0131l\u0131r. Hidroklorik asit, petrol rafinerilerinde ve gaz \u00fcretim tesislerinde korozyon kontrol\u00fc ve temizlik amac\u0131yla kullan\u0131l\u0131r.<\/li>\n<li>temizlik \u00fcr\u00fcnlerinde ve sanitasyon i\u015flemlerinde kullan\u0131l\u0131r. \u00d6zellikle\u00a0\u00a0\u00a0olarak ve pas lekelerini giderme gibi i\u015flemlerde etkilidir<\/li>\n<li>Kimya laboratuvarlar\u0131nda, hidroklorik asit bir\u00e7ok analitik kimya i\u015flemi i\u00e7in kullan\u0131l\u0131r. pH ayarlamadan numune haz\u0131rl\u0131\u011f\u0131na kadar \u00e7e\u015fitli uygulamalarda kullan\u0131l\u0131r. Hidroklorik asit, su ar\u0131tma tesislerinde pH d\u00fczenlemesi ve su dezenfeksiyonu i\u00e7in kullan\u0131l\u0131r\u2026<\/li>\n<li>Laboratuvarda analiz maksatl\u0131 kullan\u0131lmaktad\u0131r.<\/li>\n<\/ul>\n","protected":false},"featured_media":1503,"comment_status":"open","ping_status":"closed","template":"","meta":{"neve_meta_sidebar":"","neve_meta_container":"","neve_meta_enable_content_width":"off","neve_meta_content_width":100,"neve_meta_title_alignment":"","neve_meta_author_avatar":"","neve_post_elements_order":"","neve_meta_disable_header":"","neve_meta_disable_footer":"","neve_meta_disable_title":"","_themeisle_gutenberg_block_has_review":false},"product_brand":[65],"product_cat":[45],"product_tag":[],"class_list":{"0":"post-1729","1":"product","2":"type-product","3":"status-publish","4":"has-post-thumbnail","6":"product_brand-hbbchem","7":"product_cat-sivi-kimyasallar","9":"first","10":"instock","11":"taxable","12":"shipping-taxable","13":"purchasable","14":"product-type-simple"},"_links":{"self":[{"href":"https:\/\/hbbkimya.com\/index.php?rest_route=\/wp\/v2\/product\/1729","targetHints":{"allow":["GET"]}}],"collection":[{"href":"https:\/\/hbbkimya.com\/index.php?rest_route=\/wp\/v2\/product"}],"about":[{"href":"https:\/\/hbbkimya.com\/index.php?rest_route=\/wp\/v2\/types\/product"}],"replies":[{"embeddable":true,"href":"https:\/\/hbbkimya.com\/index.php?rest_route=%2Fwp%2Fv2%2Fcomments&post=1729"}],"wp:featuredmedia":[{"embeddable":true,"href":"https:\/\/hbbkimya.com\/index.php?rest_route=\/wp\/v2\/media\/1503"}],"wp:attachment":[{"href":"https:\/\/hbbkimya.com\/index.php?rest_route=%2Fwp%2Fv2%2Fmedia&parent=1729"}],"wp:term":[{"taxonomy":"product_brand","embeddable":true,"href":"https:\/\/hbbkimya.com\/index.php?rest_route=%2Fwp%2Fv2%2Fproduct_brand&post=1729"},{"taxonomy":"product_cat","embeddable":true,"href":"https:\/\/hbbkimya.com\/index.php?rest_route=%2Fwp%2Fv2%2Fproduct_cat&post=1729"},{"taxonomy":"product_tag","embeddable":true,"href":"https:\/\/hbbkimya.com\/index.php?rest_route=%2Fwp%2Fv2%2Fproduct_tag&post=1729"}],"curies":[{"name":"wp","href":"https:\/\/api.w.org\/{rel}","templated":true}]}}