{"id":1678,"date":"2025-06-29T21:03:49","date_gmt":"2025-06-29T18:03:49","guid":{"rendered":"https:\/\/hbbkimya.com\/?post_type=product&#038;p=1678"},"modified":"2026-04-12T18:09:08","modified_gmt":"2026-04-12T15:09:08","slug":"pipet-dereceli-cam-25-ml-5-adet","status":"publish","type":"product","link":"https:\/\/hbbkimya.com\/?product=pipet-dereceli-cam-25-ml-5-adet","title":{"rendered":"Pipet Dereceli Cam 25 ml \u2013 5 adet"},"content":{"rendered":"<p><a href=\"https:\/\/hbbkimya.com\/wp-content\/uploads\/2025\/06\/dereceli-cam-pipet-borosilikat-25-ml.webp\"><img loading=\"lazy\" decoding=\"async\" class=\"alignnone size-medium wp-image-1679\" src=\"https:\/\/hbbkimya.com\/wp-content\/uploads\/2025\/06\/dereceli-cam-pipet-borosilikat-25-ml-300x300.webp\" alt=\"\" width=\"300\" height=\"300\" srcset=\"https:\/\/hbbkimya.com\/wp-content\/uploads\/2025\/06\/dereceli-cam-pipet-borosilikat-25-ml-300x300.webp 300w, https:\/\/hbbkimya.com\/wp-content\/uploads\/2025\/06\/dereceli-cam-pipet-borosilikat-25-ml-100x100.webp 100w, https:\/\/hbbkimya.com\/wp-content\/uploads\/2025\/06\/dereceli-cam-pipet-borosilikat-25-ml-150x150.webp 150w, https:\/\/hbbkimya.com\/wp-content\/uploads\/2025\/06\/dereceli-cam-pipet-borosilikat-25-ml.webp 600w\" sizes=\"auto, (max-width: 300px) 100vw, 300px\" \/><\/a><\/p>\n","protected":false},"excerpt":{"rendered":"<ul>\n<li>Paket i\u00e7eri\u011fi : 5 adet 25 ml lik dereceli cam pipet<\/li>\n<li>Laboratuvar uygulamalar\u0131nda hassas s\u0131v\u0131 \u00f6l\u00e7\u00fcm\u00fc ve transferi i\u00e7in tasarlanm\u0131\u015f, y\u00fcksek kaliteli borosilikat camdan \u00fcretilmi\u015f dereceli pipettir. Kimyasal dayan\u0131m\u0131 y\u00fcksek olup analitik \u00e7al\u0131\u015fmalar, e\u011fitim laboratuvarlar\u0131 ve kalite kontrol uygulamalar\u0131 i\u00e7in uygundur.<\/li>\n<\/ul>\n<p><strong>\u00dcr\u00fcn \u00d6zellikleri:<\/strong><\/p>\n<ul>\n<li data-start=\"451\" data-end=\"498\">Malzeme: Y\u00fcksek dayan\u0131ml\u0131 borosilikat cam<\/li>\n<li data-start=\"501\" data-end=\"538\">Tip: Dereceli (Graduated) pipet<\/li>\n<li data-start=\"541\" data-end=\"598\">Hassasiyet: Net ve okunabilir kalibrasyon \u00e7izgileri<\/li>\n<li data-start=\"601\" data-end=\"660\">Kimyasal Dayan\u0131m: Asit ve bazlara kar\u015f\u0131 y\u00fcksek diren\u00e7<\/li>\n<li data-start=\"663\" data-end=\"715\">Is\u0131 Dayan\u0131m\u0131: Y\u00fcksek s\u0131cakl\u0131klara dayan\u0131kl\u0131d\u0131r<\/li>\n<li data-start=\"718\" data-end=\"783\">Kullan\u0131m Alan\u0131: Laboratuvar, analiz, e\u011fitim, kalite kontrol<\/li>\n<\/ul>\n<p data-start=\"785\" data-end=\"803\"><strong>\u00a0Avantajlar\u0131:<\/strong><\/p>\n<ul>\n<li data-start=\"806\" data-end=\"834\">Hassas hacim \u00f6l\u00e7\u00fcm\u00fc sa\u011flar<\/li>\n<li data-start=\"837\" data-end=\"866\">Uzun \u00f6m\u00fcrl\u00fc ve dayan\u0131kl\u0131d\u0131r<\/li>\n<li data-start=\"869\" data-end=\"910\">Net bask\u0131l\u0131 \u00f6l\u00e7ek sayesinde kolay okuma<\/li>\n<li data-start=\"913\" data-end=\"959\">Profesyonel laboratuvar kullan\u0131m\u0131na uygundur<\/li>\n<\/ul>\n","protected":false},"featured_media":1679,"comment_status":"open","ping_status":"closed","template":"","meta":{"neve_meta_sidebar":"","neve_meta_container":"","neve_meta_enable_content_width":"off","neve_meta_content_width":100,"neve_meta_title_alignment":"","neve_meta_author_avatar":"","neve_post_elements_order":"","neve_meta_disable_header":"","neve_meta_disable_footer":"","neve_meta_disable_title":"","_themeisle_gutenberg_block_has_review":false},"product_brand":[],"product_cat":[37],"product_tag":[],"class_list":{"0":"post-1678","1":"product","2":"type-product","3":"status-publish","4":"has-post-thumbnail","6":"product_cat-cam","8":"first","9":"instock","10":"sale","11":"taxable","12":"shipping-taxable","13":"purchasable","14":"product-type-simple"},"_links":{"self":[{"href":"https:\/\/hbbkimya.com\/index.php?rest_route=\/wp\/v2\/product\/1678","targetHints":{"allow":["GET"]}}],"collection":[{"href":"https:\/\/hbbkimya.com\/index.php?rest_route=\/wp\/v2\/product"}],"about":[{"href":"https:\/\/hbbkimya.com\/index.php?rest_route=\/wp\/v2\/types\/product"}],"replies":[{"embeddable":true,"href":"https:\/\/hbbkimya.com\/index.php?rest_route=%2Fwp%2Fv2%2Fcomments&post=1678"}],"wp:featuredmedia":[{"embeddable":true,"href":"https:\/\/hbbkimya.com\/index.php?rest_route=\/wp\/v2\/media\/1679"}],"wp:attachment":[{"href":"https:\/\/hbbkimya.com\/index.php?rest_route=%2Fwp%2Fv2%2Fmedia&parent=1678"}],"wp:term":[{"taxonomy":"product_brand","embeddable":true,"href":"https:\/\/hbbkimya.com\/index.php?rest_route=%2Fwp%2Fv2%2Fproduct_brand&post=1678"},{"taxonomy":"product_cat","embeddable":true,"href":"https:\/\/hbbkimya.com\/index.php?rest_route=%2Fwp%2Fv2%2Fproduct_cat&post=1678"},{"taxonomy":"product_tag","embeddable":true,"href":"https:\/\/hbbkimya.com\/index.php?rest_route=%2Fwp%2Fv2%2Fproduct_tag&post=1678"}],"curies":[{"name":"wp","href":"https:\/\/api.w.org\/{rel}","templated":true}]}}