{"id":1668,"date":"2025-06-29T20:08:53","date_gmt":"2025-06-29T17:08:53","guid":{"rendered":"https:\/\/hbbkimya.com\/?post_type=product&#038;p=1668"},"modified":"2026-04-12T21:10:21","modified_gmt":"2026-04-12T18:10:21","slug":"mezur-cam-uzun-form-altigen-taban-500-ml","status":"publish","type":"product","link":"https:\/\/hbbkimya.com\/?product=mezur-cam-uzun-form-altigen-taban-500-ml","title":{"rendered":"Mez\u00fcr Cam Uzun Form 500 ml"},"content":{"rendered":"<p><a href=\"https:\/\/hbbkimya.com\/wp-content\/uploads\/2025\/06\/mezur-cam-seti-mezur-uzun-form-altigen-taban-500-ml.webp\"><img loading=\"lazy\" decoding=\"async\" class=\"alignnone size-medium wp-image-1669\" src=\"https:\/\/hbbkimya.com\/wp-content\/uploads\/2025\/06\/mezur-cam-seti-mezur-uzun-form-altigen-taban-500-ml-200x300.webp\" alt=\"\" width=\"200\" height=\"300\" srcset=\"https:\/\/hbbkimya.com\/wp-content\/uploads\/2025\/06\/mezur-cam-seti-mezur-uzun-form-altigen-taban-500-ml-200x300.webp 200w, https:\/\/hbbkimya.com\/wp-content\/uploads\/2025\/06\/mezur-cam-seti-mezur-uzun-form-altigen-taban-500-ml-600x900.webp 600w, https:\/\/hbbkimya.com\/wp-content\/uploads\/2025\/06\/mezur-cam-seti-mezur-uzun-form-altigen-taban-500-ml-683x1024.webp 683w, https:\/\/hbbkimya.com\/wp-content\/uploads\/2025\/06\/mezur-cam-seti-mezur-uzun-form-altigen-taban-500-ml-768x1152.webp 768w, https:\/\/hbbkimya.com\/wp-content\/uploads\/2025\/06\/mezur-cam-seti-mezur-uzun-form-altigen-taban-500-ml-1024x1536.webp 1024w, https:\/\/hbbkimya.com\/wp-content\/uploads\/2025\/06\/mezur-cam-seti-mezur-uzun-form-altigen-taban-500-ml.webp 1200w\" sizes=\"auto, (max-width: 200px) 100vw, 200px\" \/><\/a><\/p>\n","protected":false},"excerpt":{"rendered":"<p data-start=\"51\" data-end=\"326\">Y\u00fcksek hassasiyetli \u00f6l\u00e7\u00fcmler i\u00e7in tasarlanan bu cam mez\u00fcr, borosilikat 3.3 cam yap\u0131s\u0131 sayesinde \u00fcst\u00fcn dayan\u0131kl\u0131l\u0131k ve uzun \u00f6m\u00fcrl\u00fc kullan\u0131m sunar. Uluslararas\u0131 standartlara uygun \u00fcretimi ve kalibrasyonu ile laboratuvar \u00e7al\u0131\u015fmalar\u0131n\u0131zda g\u00fcvenilir sonu\u00e7lar elde etmenizi sa\u011flar.<\/p>\n<p data-start=\"328\" data-end=\"349\"><strong data-start=\"328\" data-end=\"349\">\u00dcr\u00fcn \u00d6zellikleri:<\/strong><\/p>\n<ul data-start=\"350\" data-end=\"661\">\n<li data-section-id=\"zyglp8\" data-start=\"350\" data-end=\"368\">Hacim: 500 mL<\/li>\n<li data-section-id=\"1iv405x\" data-start=\"369\" data-end=\"401\">Malzeme: Borosilikat 3.3 cam<\/li>\n<li data-section-id=\"1wf6frs\" data-start=\"402\" data-end=\"446\">DIN EN ISO 4788 standard\u0131na uygun \u00fcretim<\/li>\n<li data-section-id=\"7yps8y\" data-start=\"447\" data-end=\"500\">DIN\/ISO Class \u201cA\u201d kalibrasyon (y\u00fcksek hassasiyet)<\/li>\n<li data-section-id=\"uxzcfa\" data-start=\"501\" data-end=\"564\">Kusursuz gaga tasar\u0131m\u0131 ile ak\u0131c\u0131 ve kontroll\u00fc s\u0131v\u0131 aktar\u0131m\u0131<\/li>\n<li data-section-id=\"j42fyz\" data-start=\"565\" data-end=\"614\">Alt\u0131gen taban ile maksimum denge ve stabilite<\/li>\n<li data-section-id=\"gcaokt\" data-start=\"615\" data-end=\"661\">Kimyasallara ve \u0131s\u0131ya kar\u015f\u0131 y\u00fcksek dayan\u0131m<\/li>\n<\/ul>\n<p data-start=\"663\" data-end=\"685\"><strong data-start=\"663\" data-end=\"685\">Kullan\u0131m Alanlar\u0131:<\/strong><\/p>\n<ul data-start=\"686\" data-end=\"798\">\n<li data-section-id=\"1r326h0\" data-start=\"686\" data-end=\"721\">Kimya ve analiz laboratuvarlar\u0131<\/li>\n<li data-section-id=\"1sxp2uj\" data-start=\"722\" data-end=\"762\">End\u00fcstriyel kalite kontrol s\u00fcre\u00e7leri<\/li>\n<li data-section-id=\"1ppnjbc\" data-start=\"763\" data-end=\"798\">E\u011fitim ve ara\u015ft\u0131rma \u00e7al\u0131\u015fmalar\u0131<\/li>\n<\/ul>\n<p data-start=\"800\" data-end=\"818\"><strong data-start=\"800\" data-end=\"818\">Paket \u0130\u00e7eri\u011fi:<\/strong><\/p>\n<ul data-start=\"819\" data-end=\"847\">\n<li data-section-id=\"5u9wm6\" data-start=\"819\" data-end=\"847\">1 adet 500 mL cam mez\u00fcr<\/li>\n<\/ul>\n<p data-start=\"849\" data-end=\"952\" data-is-last-node=\"\" data-is-only-node=\"\">Profesyonel \u00f6l\u00e7\u00fcm ihtiya\u00e7lar\u0131n\u0131z i\u00e7in hassasiyet, dayan\u0131kl\u0131l\u0131k ve kullan\u0131m kolayl\u0131\u011f\u0131n\u0131 bir arada sunar.<\/p>\n","protected":false},"featured_media":1669,"comment_status":"open","ping_status":"closed","template":"","meta":{"neve_meta_sidebar":"","neve_meta_container":"","neve_meta_enable_content_width":"off","neve_meta_content_width":100,"neve_meta_title_alignment":"","neve_meta_author_avatar":"","neve_post_elements_order":"","neve_meta_disable_header":"","neve_meta_disable_footer":"","neve_meta_disable_title":"","_themeisle_gutenberg_block_has_review":false},"product_brand":[],"product_cat":[37],"product_tag":[],"class_list":{"0":"post-1668","1":"product","2":"type-product","3":"status-publish","4":"has-post-thumbnail","6":"product_cat-cam","8":"first","9":"instock","10":"sale","11":"taxable","12":"shipping-taxable","13":"purchasable","14":"product-type-simple"},"_links":{"self":[{"href":"https:\/\/hbbkimya.com\/index.php?rest_route=\/wp\/v2\/product\/1668","targetHints":{"allow":["GET"]}}],"collection":[{"href":"https:\/\/hbbkimya.com\/index.php?rest_route=\/wp\/v2\/product"}],"about":[{"href":"https:\/\/hbbkimya.com\/index.php?rest_route=\/wp\/v2\/types\/product"}],"replies":[{"embeddable":true,"href":"https:\/\/hbbkimya.com\/index.php?rest_route=%2Fwp%2Fv2%2Fcomments&post=1668"}],"wp:featuredmedia":[{"embeddable":true,"href":"https:\/\/hbbkimya.com\/index.php?rest_route=\/wp\/v2\/media\/1669"}],"wp:attachment":[{"href":"https:\/\/hbbkimya.com\/index.php?rest_route=%2Fwp%2Fv2%2Fmedia&parent=1668"}],"wp:term":[{"taxonomy":"product_brand","embeddable":true,"href":"https:\/\/hbbkimya.com\/index.php?rest_route=%2Fwp%2Fv2%2Fproduct_brand&post=1668"},{"taxonomy":"product_cat","embeddable":true,"href":"https:\/\/hbbkimya.com\/index.php?rest_route=%2Fwp%2Fv2%2Fproduct_cat&post=1668"},{"taxonomy":"product_tag","embeddable":true,"href":"https:\/\/hbbkimya.com\/index.php?rest_route=%2Fwp%2Fv2%2Fproduct_tag&post=1668"}],"curies":[{"name":"wp","href":"https:\/\/api.w.org\/{rel}","templated":true}]}}