{"id":1654,"date":"2025-06-29T18:24:29","date_gmt":"2025-06-29T15:24:29","guid":{"rendered":"https:\/\/hbbkimya.com\/?post_type=product&#038;p=1654"},"modified":"2026-04-12T20:25:56","modified_gmt":"2026-04-12T17:25:56","slug":"beher-masasi-yatay-tip-300mm","status":"publish","type":"product","link":"https:\/\/hbbkimya.com\/?product=beher-masasi-yatay-tip-300mm","title":{"rendered":"Beher Ma\u015fas\u0131 Yatay Tip (300mm)"},"content":{"rendered":"<p><a href=\"https:\/\/hbbkimya.com\/wp-content\/uploads\/2025\/06\/beher-masasi-beher-tutacagi.webp\"><img loading=\"lazy\" decoding=\"async\" class=\"alignnone size-medium wp-image-1655\" src=\"https:\/\/hbbkimya.com\/wp-content\/uploads\/2025\/06\/beher-masasi-beher-tutacagi-300x300.webp\" alt=\"\" width=\"300\" height=\"300\" srcset=\"https:\/\/hbbkimya.com\/wp-content\/uploads\/2025\/06\/beher-masasi-beher-tutacagi-300x300.webp 300w, https:\/\/hbbkimya.com\/wp-content\/uploads\/2025\/06\/beher-masasi-beher-tutacagi-100x100.webp 100w, https:\/\/hbbkimya.com\/wp-content\/uploads\/2025\/06\/beher-masasi-beher-tutacagi-150x150.webp 150w, https:\/\/hbbkimya.com\/wp-content\/uploads\/2025\/06\/beher-masasi-beher-tutacagi.webp 600w\" sizes=\"auto, (max-width: 300px) 100vw, 300px\" \/><\/a><\/p>\n","protected":false},"excerpt":{"rendered":"<p data-start=\"0\" data-end=\"27\"><strong data-start=\"0\" data-end=\"18\">Paket \u0130\u00e7eri\u011fi:<\/strong> 1 adet<\/p>\n<p data-start=\"29\" data-end=\"225\">Beher ve di\u011fer laboratuvar cam malzemelerini g\u00fcvenli \u015fekilde tutmak i\u00e7in tasarlanm\u0131\u015ft\u0131r. Korozyona, \u0131s\u0131ya ve darbelere dayan\u0131kl\u0131 <strong data-start=\"158\" data-end=\"177\">paslanmaz \u00e7elik<\/strong> g\u00f6vdesi sayesinde uzun \u00f6m\u00fcrl\u00fc kullan\u0131m sunar.<\/p>\n<p data-start=\"227\" data-end=\"431\" data-is-last-node=\"\" data-is-only-node=\"\">PVC kaplama ile yal\u0131t\u0131lm\u0131\u015f \u00e7eneleri, y\u00fcksek \u0131s\u0131ya kar\u015f\u0131 ekstra koruma sa\u011flayarak g\u00fcvenli ve kaymaz tutu\u015f imk\u00e2n\u0131 verir. Laboratuvar ortam\u0131nda \u0131s\u0131tma ve aktar\u0131m i\u015flemleri i\u00e7in ideal bir yard\u0131mc\u0131 ekipmand\u0131r.<\/p>\n","protected":false},"featured_media":1655,"comment_status":"open","ping_status":"closed","template":"","meta":{"neve_meta_sidebar":"","neve_meta_container":"","neve_meta_enable_content_width":"off","neve_meta_content_width":100,"neve_meta_title_alignment":"","neve_meta_author_avatar":"","neve_post_elements_order":"","neve_meta_disable_header":"","neve_meta_disable_footer":"","neve_meta_disable_title":"","_themeisle_gutenberg_block_has_review":false},"product_brand":[],"product_cat":[38],"product_tag":[],"class_list":{"0":"post-1654","1":"product","2":"type-product","3":"status-publish","4":"has-post-thumbnail","6":"product_cat-sarf-plastik","8":"first","9":"instock","10":"sale","11":"taxable","12":"shipping-taxable","13":"purchasable","14":"product-type-simple"},"_links":{"self":[{"href":"https:\/\/hbbkimya.com\/index.php?rest_route=\/wp\/v2\/product\/1654","targetHints":{"allow":["GET"]}}],"collection":[{"href":"https:\/\/hbbkimya.com\/index.php?rest_route=\/wp\/v2\/product"}],"about":[{"href":"https:\/\/hbbkimya.com\/index.php?rest_route=\/wp\/v2\/types\/product"}],"replies":[{"embeddable":true,"href":"https:\/\/hbbkimya.com\/index.php?rest_route=%2Fwp%2Fv2%2Fcomments&post=1654"}],"wp:featuredmedia":[{"embeddable":true,"href":"https:\/\/hbbkimya.com\/index.php?rest_route=\/wp\/v2\/media\/1655"}],"wp:attachment":[{"href":"https:\/\/hbbkimya.com\/index.php?rest_route=%2Fwp%2Fv2%2Fmedia&parent=1654"}],"wp:term":[{"taxonomy":"product_brand","embeddable":true,"href":"https:\/\/hbbkimya.com\/index.php?rest_route=%2Fwp%2Fv2%2Fproduct_brand&post=1654"},{"taxonomy":"product_cat","embeddable":true,"href":"https:\/\/hbbkimya.com\/index.php?rest_route=%2Fwp%2Fv2%2Fproduct_cat&post=1654"},{"taxonomy":"product_tag","embeddable":true,"href":"https:\/\/hbbkimya.com\/index.php?rest_route=%2Fwp%2Fv2%2Fproduct_tag&post=1654"}],"curies":[{"name":"wp","href":"https:\/\/api.w.org\/{rel}","templated":true}]}}