{"id":1550,"date":"2025-05-10T22:32:19","date_gmt":"2025-05-10T19:32:19","guid":{"rendered":"https:\/\/hbbkimya.com\/?post_type=product&#038;p=1550"},"modified":"2026-02-11T21:38:17","modified_gmt":"2026-02-11T18:38:17","slug":"turnusol-kagidi-mavi-100-test-strip","status":"publish","type":"product","link":"https:\/\/hbbkimya.com\/?product=turnusol-kagidi-mavi-100-test-strip","title":{"rendered":"Turnusol Ka\u011f\u0131d\u0131 Mavi 100 Test Strip"},"content":{"rendered":"<p><a href=\"https:\/\/hbbkimya.com\/wp-content\/uploads\/2025\/05\/turnusol-kagidi-mavi-paper-ph-kagidi.png\"><img loading=\"lazy\" decoding=\"async\" class=\"alignnone size-medium wp-image-2066\" src=\"https:\/\/hbbkimya.com\/wp-content\/uploads\/2025\/05\/turnusol-kagidi-mavi-paper-ph-kagidi-300x300.png\" alt=\"\" width=\"300\" height=\"300\" srcset=\"https:\/\/hbbkimya.com\/wp-content\/uploads\/2025\/05\/turnusol-kagidi-mavi-paper-ph-kagidi-300x300.png 300w, https:\/\/hbbkimya.com\/wp-content\/uploads\/2025\/05\/turnusol-kagidi-mavi-paper-ph-kagidi-150x150.png 150w, https:\/\/hbbkimya.com\/wp-content\/uploads\/2025\/05\/turnusol-kagidi-mavi-paper-ph-kagidi-600x600.png 600w, https:\/\/hbbkimya.com\/wp-content\/uploads\/2025\/05\/turnusol-kagidi-mavi-paper-ph-kagidi-100x100.png 100w, https:\/\/hbbkimya.com\/wp-content\/uploads\/2025\/05\/turnusol-kagidi-mavi-paper-ph-kagidi.png 700w\" sizes=\"auto, (max-width: 300px) 100vw, 300px\" \/><\/a><\/p>\n","protected":false},"excerpt":{"rendered":"<ul data-start=\"29\" data-end=\"295\">\n<li data-start=\"29\" data-end=\"96\">\n<p data-start=\"31\" data-end=\"96\">\u00c7\u00f6zeltilerdeki <strong data-start=\"46\" data-end=\"77\">asit ve bazlar\u0131 ay\u0131rt etmek<\/strong> i\u00e7in kullan\u0131l\u0131r.<\/p>\n<\/li>\n<li data-start=\"97\" data-end=\"182\">\n<p data-start=\"99\" data-end=\"182\">S\u0131v\u0131lar\u0131n asidik veya bazik olup olmad\u0131\u011f\u0131n\u0131 <strong data-start=\"143\" data-end=\"170\">h\u0131zl\u0131 ve pratik \u015fekilde<\/strong> g\u00f6sterir.<\/p>\n<\/li>\n<li data-start=\"183\" data-end=\"230\">\n<p data-start=\"185\" data-end=\"230\"><strong data-start=\"185\" data-end=\"215\">pH \u00f6l\u00e7\u00fcm aral\u0131\u011f\u0131 5,0 \u2013 8,0<\/strong> aras\u0131ndad\u0131r.<\/p>\n<\/li>\n<li data-start=\"231\" data-end=\"295\">\n<p data-start=\"233\" data-end=\"295\">Asidik ortamda <strong data-start=\"248\" data-end=\"269\">maviden k\u0131rm\u0131z\u0131ya<\/strong> renk de\u011fi\u015fimi g\u00f6sterir.<\/p>\n<\/li>\n<\/ul>\n<p data-start=\"297\" data-end=\"360\" data-is-last-node=\"\" data-is-only-node=\"\">Laboratuvar, e\u011fitim ve genel analiz uygulamalar\u0131 i\u00e7in uygundur.<\/p>\n","protected":false},"featured_media":2066,"comment_status":"open","ping_status":"closed","template":"","meta":{"neve_meta_sidebar":"","neve_meta_container":"","neve_meta_enable_content_width":"off","neve_meta_content_width":100,"neve_meta_title_alignment":"","neve_meta_author_avatar":"","neve_post_elements_order":"","neve_meta_disable_header":"","neve_meta_disable_footer":"","neve_meta_disable_title":"","_themeisle_gutenberg_block_has_review":false},"product_brand":[],"product_cat":[40],"product_tag":[],"class_list":{"0":"post-1550","1":"product","2":"type-product","3":"status-publish","4":"has-post-thumbnail","6":"product_cat-test-kitleri-stripleri","8":"first","9":"instock","10":"taxable","11":"shipping-taxable","12":"purchasable","13":"product-type-simple"},"_links":{"self":[{"href":"https:\/\/hbbkimya.com\/index.php?rest_route=\/wp\/v2\/product\/1550","targetHints":{"allow":["GET"]}}],"collection":[{"href":"https:\/\/hbbkimya.com\/index.php?rest_route=\/wp\/v2\/product"}],"about":[{"href":"https:\/\/hbbkimya.com\/index.php?rest_route=\/wp\/v2\/types\/product"}],"replies":[{"embeddable":true,"href":"https:\/\/hbbkimya.com\/index.php?rest_route=%2Fwp%2Fv2%2Fcomments&post=1550"}],"wp:featuredmedia":[{"embeddable":true,"href":"https:\/\/hbbkimya.com\/index.php?rest_route=\/wp\/v2\/media\/2066"}],"wp:attachment":[{"href":"https:\/\/hbbkimya.com\/index.php?rest_route=%2Fwp%2Fv2%2Fmedia&parent=1550"}],"wp:term":[{"taxonomy":"product_brand","embeddable":true,"href":"https:\/\/hbbkimya.com\/index.php?rest_route=%2Fwp%2Fv2%2Fproduct_brand&post=1550"},{"taxonomy":"product_cat","embeddable":true,"href":"https:\/\/hbbkimya.com\/index.php?rest_route=%2Fwp%2Fv2%2Fproduct_cat&post=1550"},{"taxonomy":"product_tag","embeddable":true,"href":"https:\/\/hbbkimya.com\/index.php?rest_route=%2Fwp%2Fv2%2Fproduct_tag&post=1550"}],"curies":[{"name":"wp","href":"https:\/\/api.w.org\/{rel}","templated":true}]}}