{"id":1525,"date":"2025-04-25T12:17:54","date_gmt":"2025-04-25T09:17:54","guid":{"rendered":"https:\/\/hbbkimya.com\/?post_type=product&#038;p=1525"},"modified":"2026-02-11T22:55:58","modified_gmt":"2026-02-11T19:55:58","slug":"dijital-termometre-50300c-metal-problu-sicaklik-olcer","status":"publish","type":"product","link":"https:\/\/hbbkimya.com\/?product=dijital-termometre-50300c-metal-problu-sicaklik-olcer","title":{"rendered":"Dijital Termometre -50+300C &#8211; Metal Problu S\u0131cakl\u0131k \u00d6l\u00e7er"},"content":{"rendered":"<p><a href=\"https:\/\/hbbkimya.com\/wp-content\/uploads\/2025\/04\/dijital-termometre-sicaklik-olcer-saplamali-prob.webp\"><img loading=\"lazy\" decoding=\"async\" class=\"alignnone size-medium wp-image-1526\" src=\"https:\/\/hbbkimya.com\/wp-content\/uploads\/2025\/04\/dijital-termometre-sicaklik-olcer-saplamali-prob-300x300.webp\" alt=\"\" width=\"300\" height=\"300\" srcset=\"https:\/\/hbbkimya.com\/wp-content\/uploads\/2025\/04\/dijital-termometre-sicaklik-olcer-saplamali-prob-300x300.webp 300w, https:\/\/hbbkimya.com\/wp-content\/uploads\/2025\/04\/dijital-termometre-sicaklik-olcer-saplamali-prob-100x100.webp 100w, https:\/\/hbbkimya.com\/wp-content\/uploads\/2025\/04\/dijital-termometre-sicaklik-olcer-saplamali-prob-600x600.webp 600w, https:\/\/hbbkimya.com\/wp-content\/uploads\/2025\/04\/dijital-termometre-sicaklik-olcer-saplamali-prob-150x150.webp 150w, https:\/\/hbbkimya.com\/wp-content\/uploads\/2025\/04\/dijital-termometre-sicaklik-olcer-saplamali-prob-768x768.webp 768w, https:\/\/hbbkimya.com\/wp-content\/uploads\/2025\/04\/dijital-termometre-sicaklik-olcer-saplamali-prob.webp 1001w\" sizes=\"auto, (max-width: 300px) 100vw, 300px\" \/><\/a><\/p>\n","protected":false},"excerpt":{"rendered":"<p data-start=\"55\" data-end=\"250\">Dald\u0131rma tipi tasar\u0131m\u0131 sayesinde s\u0131v\u0131 ve yar\u0131 kat\u0131 ortamlarda h\u0131zl\u0131 ve g\u00fcvenilir s\u0131cakl\u0131k \u00f6l\u00e7\u00fcm\u00fc sa\u011flar. Paslanmaz \u00e7elik probu ile g\u0131da, laboratuvar, end\u00fcstriyel ve g\u00fcnl\u00fck kullan\u0131m i\u00e7in idealdir.<\/p>\n<h3 data-start=\"252\" data-end=\"278\">\u00d6ne \u00c7\u0131kan \u00d6zellikler<\/h3>\n<ul>\n<li data-start=\"281\" data-end=\"337\">Geni\u015f \u00f6l\u00e7\u00fcm aral\u0131\u011f\u0131: <strong data-start=\"302\" data-end=\"319\">-50\u00b0C ~ 300\u00b0C<\/strong> (-58\u00b0F ~ 572\u00b0F)<\/li>\n<li data-start=\"340\" data-end=\"403\"><strong data-start=\"340\" data-end=\"371\">150 mm paslanmaz \u00e7elik prob<\/strong> ile g\u00fcvenli ve hijyenik \u00f6l\u00e7\u00fcm<\/li>\n<li data-start=\"406\" data-end=\"478\"><strong data-start=\"406\" data-end=\"417\">MAX\/MIN<\/strong> fonksiyonu ile en y\u00fcksek ve en d\u00fc\u015f\u00fck de\u011ferleri g\u00f6r\u00fcnt\u00fcleme<\/li>\n<li data-start=\"481\" data-end=\"533\"><strong data-start=\"481\" data-end=\"489\">HOLD<\/strong> tu\u015fu ile \u00f6l\u00e7\u00fcm de\u011ferini ekranda sabitleme<\/li>\n<li data-start=\"536\" data-end=\"575\"><strong data-start=\"536\" data-end=\"547\">\u00b0C \/ \u00b0F<\/strong> birim de\u011fi\u015ftirme \u00f6zelli\u011fi<\/li>\n<li data-start=\"578\" data-end=\"647\">10 dakika kullan\u0131lmad\u0131\u011f\u0131nda <strong data-start=\"606\" data-end=\"626\">otomatik kapanma<\/strong> (enerji tasarrufu)<\/li>\n<li data-start=\"650\" data-end=\"677\">A\u00e7ma\/Kapama (ON\/OFF) tu\u015fu<\/li>\n<li data-start=\"680\" data-end=\"713\">Silindirik \u015feffaf koruma kutusu<\/li>\n<\/ul>\n<h3 data-start=\"756\" data-end=\"779\">Teknik \u00d6zellikler<\/h3>\n<ul>\n<li data-start=\"782\" data-end=\"804\"><strong data-start=\"782\" data-end=\"796\">\u00dcr\u00fcn Kodu:<\/strong> TP101<\/li>\n<li data-start=\"807\" data-end=\"857\"><strong data-start=\"807\" data-end=\"825\">\u00d6l\u00e7\u00fcm Aral\u0131\u011f\u0131:<\/strong> -50\u00b0C ~ 300\u00b0C (-58\u00b0F ~ 572\u00b0F)<\/li>\n<li data-start=\"860\" data-end=\"885\"><strong data-start=\"860\" data-end=\"875\">Hassasiyet:<\/strong> \u00b11\u00b0C\/\u00b0F<\/li>\n<li data-start=\"888\" data-end=\"915\"><strong data-start=\"888\" data-end=\"906\">Prob Uzunlu\u011fu:<\/strong> 150 mm<\/li>\n<li data-start=\"918\" data-end=\"951\"><strong data-start=\"918\" data-end=\"935\">Toplam Boyut:<\/strong> 24 \u00d7 2 \u00d7 2 cm<\/li>\n<li data-start=\"954\" data-end=\"973\"><strong data-start=\"954\" data-end=\"966\">A\u011f\u0131rl\u0131k:<\/strong> 10 g<\/li>\n<li data-start=\"976\" data-end=\"1015\"><strong data-start=\"976\" data-end=\"992\">G\u00fc\u00e7 Kayna\u011f\u0131:<\/strong> 1 adet 1.5V LR44 pil<\/li>\n<\/ul>\n<p data-start=\"1017\" data-end=\"1135\" data-is-last-node=\"\" data-is-only-node=\"\">Kompakt, hafif ve kullan\u0131m\u0131 pratik yap\u0131s\u0131yla profesyonel ve bireysel kullan\u0131m i\u00e7in ideal bir s\u0131cakl\u0131k \u00f6l\u00e7\u00fcm cihaz\u0131d\u0131r.<\/p>\n","protected":false},"featured_media":1526,"comment_status":"open","ping_status":"closed","template":"","meta":{"neve_meta_sidebar":"","neve_meta_container":"","neve_meta_enable_content_width":"off","neve_meta_content_width":100,"neve_meta_title_alignment":"","neve_meta_author_avatar":"","neve_post_elements_order":"","neve_meta_disable_header":"","neve_meta_disable_footer":"","neve_meta_disable_title":"","_themeisle_gutenberg_block_has_review":false},"product_brand":[],"product_cat":[52],"product_tag":[],"class_list":{"0":"post-1525","1":"product","2":"type-product","3":"status-publish","4":"has-post-thumbnail","6":"product_cat-termometre-termohigrometre","8":"first","9":"instock","10":"taxable","11":"shipping-taxable","12":"purchasable","13":"product-type-simple"},"_links":{"self":[{"href":"https:\/\/hbbkimya.com\/index.php?rest_route=\/wp\/v2\/product\/1525","targetHints":{"allow":["GET"]}}],"collection":[{"href":"https:\/\/hbbkimya.com\/index.php?rest_route=\/wp\/v2\/product"}],"about":[{"href":"https:\/\/hbbkimya.com\/index.php?rest_route=\/wp\/v2\/types\/product"}],"replies":[{"embeddable":true,"href":"https:\/\/hbbkimya.com\/index.php?rest_route=%2Fwp%2Fv2%2Fcomments&post=1525"}],"wp:featuredmedia":[{"embeddable":true,"href":"https:\/\/hbbkimya.com\/index.php?rest_route=\/wp\/v2\/media\/1526"}],"wp:attachment":[{"href":"https:\/\/hbbkimya.com\/index.php?rest_route=%2Fwp%2Fv2%2Fmedia&parent=1525"}],"wp:term":[{"taxonomy":"product_brand","embeddable":true,"href":"https:\/\/hbbkimya.com\/index.php?rest_route=%2Fwp%2Fv2%2Fproduct_brand&post=1525"},{"taxonomy":"product_cat","embeddable":true,"href":"https:\/\/hbbkimya.com\/index.php?rest_route=%2Fwp%2Fv2%2Fproduct_cat&post=1525"},{"taxonomy":"product_tag","embeddable":true,"href":"https:\/\/hbbkimya.com\/index.php?rest_route=%2Fwp%2Fv2%2Fproduct_tag&post=1525"}],"curies":[{"name":"wp","href":"https:\/\/api.w.org\/{rel}","templated":true}]}}