{"id":1492,"date":"2025-04-20T15:58:18","date_gmt":"2025-04-20T12:58:18","guid":{"rendered":"https:\/\/hbbkimya.com\/?post_type=product&#038;p=1492"},"modified":"2026-04-12T20:40:01","modified_gmt":"2026-04-12T17:40:01","slug":"ph-metre-kalibrasyon-sivisi-2li-set","status":"publish","type":"product","link":"https:\/\/hbbkimya.com\/?product=ph-metre-kalibrasyon-sivisi-2li-set","title":{"rendered":"pH Metre Kalibrasyon S\u0131v\u0131s\u0131 2li Set"},"content":{"rendered":"<p><a href=\"https:\/\/hbbkimya.com\/wp-content\/uploads\/2025\/04\/ph-metre-kalibrasyon-set-2li-scaled.jpeg\"><img loading=\"lazy\" decoding=\"async\" class=\"alignnone size-medium wp-image-1493\" src=\"https:\/\/hbbkimya.com\/wp-content\/uploads\/2025\/04\/ph-metre-kalibrasyon-set-2li-225x300.jpeg\" alt=\"\" width=\"225\" height=\"300\" srcset=\"https:\/\/hbbkimya.com\/wp-content\/uploads\/2025\/04\/ph-metre-kalibrasyon-set-2li-225x300.jpeg 225w, https:\/\/hbbkimya.com\/wp-content\/uploads\/2025\/04\/ph-metre-kalibrasyon-set-2li-scaled-600x800.jpeg 600w, https:\/\/hbbkimya.com\/wp-content\/uploads\/2025\/04\/ph-metre-kalibrasyon-set-2li-768x1024.jpeg 768w, https:\/\/hbbkimya.com\/wp-content\/uploads\/2025\/04\/ph-metre-kalibrasyon-set-2li-1152x1536.jpeg 1152w, https:\/\/hbbkimya.com\/wp-content\/uploads\/2025\/04\/ph-metre-kalibrasyon-set-2li-1536x2048.jpeg 1536w, https:\/\/hbbkimya.com\/wp-content\/uploads\/2025\/04\/ph-metre-kalibrasyon-set-2li-scaled.jpeg 1920w\" sizes=\"auto, (max-width: 225px) 100vw, 225px\" \/><\/a><\/p>\n","protected":false},"excerpt":{"rendered":"<ul>\n<li>\u0130\u00e7erik; pH 4.01 ve\u00a0 7.01\u00a0 \u00f6zel \u00f6l\u00e7ekli 500 ml lik ambalaj.<\/li>\n<li>Ph metrelerin kalibrasyonu i\u00e7in kullan\u0131lmaktad\u0131r. \u00c7\u00f6zeltiler, Avrupa standartlar\u0131nda hassas \u00f6l\u00e7\u00fcmlerle yap\u0131lmaktad\u0131r.<\/li>\n<li>Fazla T\u00fcketimi Engelleyen \u00f6zel patentli plastik hazneli ambalajl\u0131d\u0131r.<\/li>\n<li>Yurti\u00e7i kargo ile \u00fccretsiz g\u00f6nderi.<\/li>\n<li>Laboratuvarda analiz ve te\u015fhis maksatl\u0131 kullan\u0131lmaktad\u0131r.<\/li>\n<\/ul>\n","protected":false},"featured_media":1493,"comment_status":"open","ping_status":"closed","template":"","meta":{"neve_meta_sidebar":"","neve_meta_container":"","neve_meta_enable_content_width":"off","neve_meta_content_width":100,"neve_meta_title_alignment":"","neve_meta_author_avatar":"","neve_post_elements_order":"","neve_meta_disable_header":"","neve_meta_disable_footer":"","neve_meta_disable_title":"","_themeisle_gutenberg_block_has_review":false},"product_brand":[],"product_cat":[62],"product_tag":[],"class_list":{"0":"post-1492","1":"product","2":"type-product","3":"status-publish","4":"has-post-thumbnail","6":"product_cat-tampon-cozeltiler","8":"first","9":"instock","10":"sale","11":"taxable","12":"shipping-taxable","13":"purchasable","14":"product-type-simple"},"_links":{"self":[{"href":"https:\/\/hbbkimya.com\/index.php?rest_route=\/wp\/v2\/product\/1492","targetHints":{"allow":["GET"]}}],"collection":[{"href":"https:\/\/hbbkimya.com\/index.php?rest_route=\/wp\/v2\/product"}],"about":[{"href":"https:\/\/hbbkimya.com\/index.php?rest_route=\/wp\/v2\/types\/product"}],"replies":[{"embeddable":true,"href":"https:\/\/hbbkimya.com\/index.php?rest_route=%2Fwp%2Fv2%2Fcomments&post=1492"}],"wp:featuredmedia":[{"embeddable":true,"href":"https:\/\/hbbkimya.com\/index.php?rest_route=\/wp\/v2\/media\/1493"}],"wp:attachment":[{"href":"https:\/\/hbbkimya.com\/index.php?rest_route=%2Fwp%2Fv2%2Fmedia&parent=1492"}],"wp:term":[{"taxonomy":"product_brand","embeddable":true,"href":"https:\/\/hbbkimya.com\/index.php?rest_route=%2Fwp%2Fv2%2Fproduct_brand&post=1492"},{"taxonomy":"product_cat","embeddable":true,"href":"https:\/\/hbbkimya.com\/index.php?rest_route=%2Fwp%2Fv2%2Fproduct_cat&post=1492"},{"taxonomy":"product_tag","embeddable":true,"href":"https:\/\/hbbkimya.com\/index.php?rest_route=%2Fwp%2Fv2%2Fproduct_tag&post=1492"}],"curies":[{"name":"wp","href":"https:\/\/api.w.org\/{rel}","templated":true}]}}