{"id":1392,"date":"2025-03-02T23:32:38","date_gmt":"2025-03-02T20:32:38","guid":{"rendered":"https:\/\/hbbkimya.com\/?post_type=product&#038;p=1392"},"modified":"2026-04-12T19:16:45","modified_gmt":"2026-04-12T16:16:45","slug":"bomemetre-0-30-be-bome-olcer","status":"publish","type":"product","link":"https:\/\/hbbkimya.com\/?product=bomemetre-0-30-be-bome-olcer","title":{"rendered":"Bomemetre 0-30 B\u00e9\u00b0 (Bome \u00d6l\u00e7er)"},"content":{"rendered":"<p><a href=\"https:\/\/hbbkimya.com\/wp-content\/uploads\/2025\/03\/bomemetre-bome-olcer.webp\"><img loading=\"lazy\" decoding=\"async\" class=\"alignnone size-medium wp-image-1393\" src=\"https:\/\/hbbkimya.com\/wp-content\/uploads\/2025\/03\/bomemetre-bome-olcer-300x300.webp\" alt=\"\" width=\"300\" height=\"300\" srcset=\"https:\/\/hbbkimya.com\/wp-content\/uploads\/2025\/03\/bomemetre-bome-olcer-300x300.webp 300w, https:\/\/hbbkimya.com\/wp-content\/uploads\/2025\/03\/bomemetre-bome-olcer-100x100.webp 100w, https:\/\/hbbkimya.com\/wp-content\/uploads\/2025\/03\/bomemetre-bome-olcer-600x600.webp 600w, https:\/\/hbbkimya.com\/wp-content\/uploads\/2025\/03\/bomemetre-bome-olcer-150x150.webp 150w, https:\/\/hbbkimya.com\/wp-content\/uploads\/2025\/03\/bomemetre-bome-olcer-768x768.webp 768w, https:\/\/hbbkimya.com\/wp-content\/uploads\/2025\/03\/bomemetre-bome-olcer.webp 1000w\" sizes=\"auto, (max-width: 300px) 100vw, 300px\" \/><\/a><\/p>\n","protected":false},"excerpt":{"rendered":"<p data-start=\"41\" data-end=\"266\">Camdan \u00fcretilmi\u015f olup, bir ucunda s\u0131v\u0131 i\u00e7erisinde dik durmas\u0131n\u0131 sa\u011flayan a\u011f\u0131rl\u0131k, di\u011fer ucunda ise silindirik ve skalal\u0131 bir sap bulunmaktad\u0131r. Y\u00fcksek saydaml\u0131\u011fa sahip cam yap\u0131s\u0131 sayesinde \u00f6l\u00e7\u00fcm de\u011ferleri net ve kolay okunur.<\/p>\n<h3 data-start=\"268\" data-end=\"288\">Kullan\u0131m \u015eekli<\/h3>\n<p data-start=\"289\" data-end=\"526\">\u00d6l\u00e7\u00fcm yap\u0131lacak s\u0131v\u0131, ince ve uzun bir silindirik kaba konur. Bome metre s\u0131v\u0131 i\u00e7erisine yava\u015f\u00e7a dald\u0131r\u0131l\u0131r ve serbest b\u0131rak\u0131l\u0131r. S\u0131v\u0131 y\u00fczeyinin skala ile kesi\u015fti\u011fi noktadaki de\u011fer okunarak \u00e7\u00f6zeltinin yo\u011funlu\u011fu hakk\u0131nda bilgi elde edilir.<\/p>\n<h3 data-start=\"528\" data-end=\"544\">\u00d6zellikler<\/h3>\n<ul data-start=\"545\" data-end=\"703\">\n<li data-start=\"545\" data-end=\"577\">\n<p data-start=\"547\" data-end=\"577\">Y\u00fcksek \u015feffafl\u0131kta cam g\u00f6vde<\/p>\n<\/li>\n<li data-start=\"578\" data-end=\"608\">\n<p data-start=\"580\" data-end=\"608\">Hassas ve okunabilir skala<\/p>\n<\/li>\n<li data-start=\"609\" data-end=\"658\">\n<p data-start=\"611\" data-end=\"658\">S\u0131v\u0131 yo\u011funlu\u011fu hakk\u0131nda h\u0131zl\u0131 ve pratik \u00f6l\u00e7\u00fcm<\/p>\n<\/li>\n<li data-start=\"659\" data-end=\"703\">\n<p data-start=\"661\" data-end=\"703\">Saf suda <strong data-start=\"670\" data-end=\"683\">0 (s\u0131f\u0131r)<\/strong> de\u011ferini g\u00f6sterir<\/p>\n<\/li>\n<\/ul>\n<p data-start=\"705\" data-end=\"791\" data-is-last-node=\"\" data-is-only-node=\"\">Laboratuvar, end\u00fcstriyel \u00fcretim ve kimyasal proseslerde yo\u011funluk tayini i\u00e7in uygundur.<\/p>\n","protected":false},"featured_media":1393,"comment_status":"open","ping_status":"closed","template":"","meta":{"neve_meta_sidebar":"","neve_meta_container":"","neve_meta_enable_content_width":"off","neve_meta_content_width":100,"neve_meta_title_alignment":"","neve_meta_author_avatar":"","neve_post_elements_order":"","neve_meta_disable_header":"","neve_meta_disable_footer":"","neve_meta_disable_title":"","_themeisle_gutenberg_block_has_review":false},"product_brand":[68],"product_cat":[61],"product_tag":[],"class_list":{"0":"post-1392","1":"product","2":"type-product","3":"status-publish","4":"has-post-thumbnail","6":"product_brand-achem","7":"product_cat-bomemetreler-dansimetreler","9":"first","10":"instock","11":"taxable","12":"shipping-taxable","13":"purchasable","14":"product-type-simple"},"_links":{"self":[{"href":"https:\/\/hbbkimya.com\/index.php?rest_route=\/wp\/v2\/product\/1392","targetHints":{"allow":["GET"]}}],"collection":[{"href":"https:\/\/hbbkimya.com\/index.php?rest_route=\/wp\/v2\/product"}],"about":[{"href":"https:\/\/hbbkimya.com\/index.php?rest_route=\/wp\/v2\/types\/product"}],"replies":[{"embeddable":true,"href":"https:\/\/hbbkimya.com\/index.php?rest_route=%2Fwp%2Fv2%2Fcomments&post=1392"}],"wp:featuredmedia":[{"embeddable":true,"href":"https:\/\/hbbkimya.com\/index.php?rest_route=\/wp\/v2\/media\/1393"}],"wp:attachment":[{"href":"https:\/\/hbbkimya.com\/index.php?rest_route=%2Fwp%2Fv2%2Fmedia&parent=1392"}],"wp:term":[{"taxonomy":"product_brand","embeddable":true,"href":"https:\/\/hbbkimya.com\/index.php?rest_route=%2Fwp%2Fv2%2Fproduct_brand&post=1392"},{"taxonomy":"product_cat","embeddable":true,"href":"https:\/\/hbbkimya.com\/index.php?rest_route=%2Fwp%2Fv2%2Fproduct_cat&post=1392"},{"taxonomy":"product_tag","embeddable":true,"href":"https:\/\/hbbkimya.com\/index.php?rest_route=%2Fwp%2Fv2%2Fproduct_tag&post=1392"}],"curies":[{"name":"wp","href":"https:\/\/api.w.org\/{rel}","templated":true}]}}