{"id":1383,"date":"2025-03-02T22:13:44","date_gmt":"2025-03-02T19:13:44","guid":{"rendered":"https:\/\/hbbkimya.com\/?post_type=product&#038;p=1383"},"modified":"2026-03-24T15:44:03","modified_gmt":"2026-03-24T12:44:03","slug":"isiticili-manyetik-karistirici-tm12","status":"publish","type":"product","link":"https:\/\/hbbkimya.com\/?product=isiticili-manyetik-karistirici-tm12","title":{"rendered":"Is\u0131t\u0131c\u0131l\u0131 Manyetik Kar\u0131\u015ft\u0131r\u0131c\u0131"},"content":{"rendered":"<p><a href=\"https:\/\/hbbkimya.com\/wp-content\/uploads\/2025\/03\/manyetik-karistirici-isiticili.webp\"><img loading=\"lazy\" decoding=\"async\" class=\"alignnone size-medium wp-image-1384\" src=\"https:\/\/hbbkimya.com\/wp-content\/uploads\/2025\/03\/manyetik-karistirici-isiticili-300x300.webp\" alt=\"\" width=\"300\" height=\"300\" srcset=\"https:\/\/hbbkimya.com\/wp-content\/uploads\/2025\/03\/manyetik-karistirici-isiticili-300x300.webp 300w, https:\/\/hbbkimya.com\/wp-content\/uploads\/2025\/03\/manyetik-karistirici-isiticili-100x100.webp 100w, https:\/\/hbbkimya.com\/wp-content\/uploads\/2025\/03\/manyetik-karistirici-isiticili-600x600.webp 600w, https:\/\/hbbkimya.com\/wp-content\/uploads\/2025\/03\/manyetik-karistirici-isiticili-1024x1024.webp 1024w, https:\/\/hbbkimya.com\/wp-content\/uploads\/2025\/03\/manyetik-karistirici-isiticili-150x150.webp 150w, https:\/\/hbbkimya.com\/wp-content\/uploads\/2025\/03\/manyetik-karistirici-isiticili-768x768.webp 768w, https:\/\/hbbkimya.com\/wp-content\/uploads\/2025\/03\/manyetik-karistirici-isiticili.webp 1280w\" sizes=\"auto, (max-width: 300px) 100vw, 300px\" \/><\/a><\/p>\n","protected":false},"excerpt":{"rendered":"<p>Marka: Thermomac &#8211; TM12<\/p>\n<p><strong>TEKN\u0130K\u00a0 \u00d6ZELL\u0130KLER<\/strong><\/p>\n<table style=\"font-weight: 400;\" width=\"0\">\n<tbody>\n<tr>\n<td width=\"260\">Maksimum S\u0131cakl\u0131k<\/td>\n<td width=\"216\">380 \u00b0C<\/td>\n<\/tr>\n<tr>\n<td width=\"260\">H\u0131z Aral\u0131\u011f\u0131<\/td>\n<td width=\"216\">100-2000 rpm<\/td>\n<\/tr>\n<tr>\n<td width=\"260\">Is\u0131t\u0131c\u0131 tabla boyutlar\u0131<\/td>\n<td width=\"216\">120 mm * 120 mm<\/td>\n<\/tr>\n<tr>\n<td width=\"260\">Kar\u0131\u015ft\u0131rma Hacmi<\/td>\n<td width=\"216\">5000 ml\u2019e kadar<\/td>\n<\/tr>\n<tr>\n<td width=\"260\">G\u00fc\u00e7<\/td>\n<td width=\"216\">180 w<\/td>\n<\/tr>\n<tr>\n<td width=\"260\">Destek aya\u011f\u0131 ile y\u00fcksekli\u011fi<\/td>\n<td width=\"216\">390 mm<\/td>\n<\/tr>\n<tr>\n<td width=\"260\">Voltaj<\/td>\n<td width=\"216\">220\/240 v50\/60 Hz<\/td>\n<\/tr>\n<tr>\n<td width=\"260\">Boyutlar<\/td>\n<td width=\"216\">200*120*90<\/td>\n<\/tr>\n<tr>\n<td width=\"260\">A\u011f\u0131rl\u0131k<\/td>\n<td width=\"216\">1.9 Kg<\/td>\n<\/tr>\n<\/tbody>\n<\/table>\n<p>Is\u0131tma g\u00fcc\u00fc ve kar\u0131\u015ft\u0131rma h\u0131z\u0131 kademesi birka\u00e7 ad\u0131mda ayarlanabilir, maksimum 380 dereceye kadar s\u0131cakl\u0131k, maksimum 2000 rpm\u2019e kadar h\u0131z.<\/p>\n<p>Sabit s\u0131cakl\u0131k, h\u0131zl\u0131 \u0131s\u0131tma ve emniyet \u00f6zellikleri ile alev durumunda \u0131s\u0131tma plakas\u0131n\u0131 kapatma \u00f6zelli\u011fi<\/p>\n<p><b>Teslimat i\u00e7eri\u011fi:\u00a0<\/b><\/p>\n<ul>\n<li>\u00a0Stand (ta\u015f\u0131ma borusu)<\/li>\n<li>\u00a0Sens\u00f6r Tutucu<\/li>\n<li>\u00a0PTFE Manyetik Bal\u0131k<\/li>\n<\/ul>\n","protected":false},"featured_media":1384,"comment_status":"open","ping_status":"closed","template":"","meta":{"neve_meta_sidebar":"","neve_meta_container":"","neve_meta_enable_content_width":"off","neve_meta_content_width":100,"neve_meta_title_alignment":"","neve_meta_author_avatar":"","neve_post_elements_order":"","neve_meta_disable_header":"","neve_meta_disable_footer":"","neve_meta_disable_title":"","_themeisle_gutenberg_block_has_review":false},"product_brand":[],"product_cat":[51],"product_tag":[],"class_list":{"0":"post-1383","1":"product","2":"type-product","3":"status-publish","4":"has-post-thumbnail","6":"product_cat-manyetik-mekanik-tup-karistiricilar","8":"first","9":"outofstock","10":"sale","11":"taxable","12":"shipping-taxable","13":"purchasable","14":"product-type-simple"},"_links":{"self":[{"href":"https:\/\/hbbkimya.com\/index.php?rest_route=\/wp\/v2\/product\/1383","targetHints":{"allow":["GET"]}}],"collection":[{"href":"https:\/\/hbbkimya.com\/index.php?rest_route=\/wp\/v2\/product"}],"about":[{"href":"https:\/\/hbbkimya.com\/index.php?rest_route=\/wp\/v2\/types\/product"}],"replies":[{"embeddable":true,"href":"https:\/\/hbbkimya.com\/index.php?rest_route=%2Fwp%2Fv2%2Fcomments&post=1383"}],"wp:featuredmedia":[{"embeddable":true,"href":"https:\/\/hbbkimya.com\/index.php?rest_route=\/wp\/v2\/media\/1384"}],"wp:attachment":[{"href":"https:\/\/hbbkimya.com\/index.php?rest_route=%2Fwp%2Fv2%2Fmedia&parent=1383"}],"wp:term":[{"taxonomy":"product_brand","embeddable":true,"href":"https:\/\/hbbkimya.com\/index.php?rest_route=%2Fwp%2Fv2%2Fproduct_brand&post=1383"},{"taxonomy":"product_cat","embeddable":true,"href":"https:\/\/hbbkimya.com\/index.php?rest_route=%2Fwp%2Fv2%2Fproduct_cat&post=1383"},{"taxonomy":"product_tag","embeddable":true,"href":"https:\/\/hbbkimya.com\/index.php?rest_route=%2Fwp%2Fv2%2Fproduct_tag&post=1383"}],"curies":[{"name":"wp","href":"https:\/\/api.w.org\/{rel}","templated":true}]}}