{"id":1013,"date":"2025-01-14T17:00:30","date_gmt":"2025-01-14T14:00:30","guid":{"rendered":"https:\/\/hbbkimya.com\/?post_type=product&#038;p=1013"},"modified":"2026-02-10T23:03:03","modified_gmt":"2026-02-10T20:03:03","slug":"kizartma-yagi-test-stribi","status":"publish","type":"product","link":"https:\/\/hbbkimya.com\/?product=kizartma-yagi-test-stribi","title":{"rendered":"K\u0131zartma Ya\u011f\u0131 Test Stribi (0 &#8211; 0,5 -1 &#8211; 2 &#8211; 3 &#8211; 4 mg\/g KOH)"},"content":{"rendered":"<p><a href=\"https:\/\/hbbkimya.com\/wp-content\/uploads\/2025\/01\/kizartma-yagi-test-seridi.jpg\"><img loading=\"lazy\" decoding=\"async\" class=\"alignnone size-medium wp-image-1014\" src=\"https:\/\/hbbkimya.com\/wp-content\/uploads\/2025\/01\/kizartma-yagi-test-seridi-300x258.jpg\" alt=\"\" width=\"300\" height=\"258\" srcset=\"https:\/\/hbbkimya.com\/wp-content\/uploads\/2025\/01\/kizartma-yagi-test-seridi-300x258.jpg 300w, https:\/\/hbbkimya.com\/wp-content\/uploads\/2025\/01\/kizartma-yagi-test-seridi-600x517.jpg 600w, https:\/\/hbbkimya.com\/wp-content\/uploads\/2025\/01\/kizartma-yagi-test-seridi-768x662.jpg 768w, https:\/\/hbbkimya.com\/wp-content\/uploads\/2025\/01\/kizartma-yagi-test-seridi.jpg 1004w\" sizes=\"auto, (max-width: 300px) 100vw, 300px\" \/><\/a><\/p>\n","protected":false},"excerpt":{"rendered":"<ul>\n<li>\u00d6l\u00e7\u00fcm aral\u0131\u011f\u0131:\u00a0 0 &#8211; 0,5 -1 &#8211; 2 &#8211; 3 &#8211; 4 mg\/g KOH<\/li>\n<li>Test say\u0131s\u0131:\u00a0 50 Test<\/li>\n<li>\u00d6l\u00e7\u00fcm y\u00f6ntemi: kolorimetrik<\/li>\n<\/ul>\n","protected":false},"featured_media":1014,"comment_status":"open","ping_status":"closed","template":"","meta":{"neve_meta_sidebar":"","neve_meta_container":"","neve_meta_enable_content_width":"off","neve_meta_content_width":100,"neve_meta_title_alignment":"","neve_meta_author_avatar":"","neve_post_elements_order":"","neve_meta_disable_header":"","neve_meta_disable_footer":"","neve_meta_disable_title":"","_themeisle_gutenberg_block_has_review":false},"product_brand":[69],"product_cat":[40],"product_tag":[],"class_list":{"0":"post-1013","1":"product","2":"type-product","3":"status-publish","4":"has-post-thumbnail","6":"product_brand-chembio","7":"product_cat-test-kitleri-stripleri","9":"first","10":"instock","11":"sale","12":"taxable","13":"shipping-taxable","14":"purchasable","15":"product-type-simple"},"_links":{"self":[{"href":"https:\/\/hbbkimya.com\/index.php?rest_route=\/wp\/v2\/product\/1013","targetHints":{"allow":["GET"]}}],"collection":[{"href":"https:\/\/hbbkimya.com\/index.php?rest_route=\/wp\/v2\/product"}],"about":[{"href":"https:\/\/hbbkimya.com\/index.php?rest_route=\/wp\/v2\/types\/product"}],"replies":[{"embeddable":true,"href":"https:\/\/hbbkimya.com\/index.php?rest_route=%2Fwp%2Fv2%2Fcomments&post=1013"}],"wp:featuredmedia":[{"embeddable":true,"href":"https:\/\/hbbkimya.com\/index.php?rest_route=\/wp\/v2\/media\/1014"}],"wp:attachment":[{"href":"https:\/\/hbbkimya.com\/index.php?rest_route=%2Fwp%2Fv2%2Fmedia&parent=1013"}],"wp:term":[{"taxonomy":"product_brand","embeddable":true,"href":"https:\/\/hbbkimya.com\/index.php?rest_route=%2Fwp%2Fv2%2Fproduct_brand&post=1013"},{"taxonomy":"product_cat","embeddable":true,"href":"https:\/\/hbbkimya.com\/index.php?rest_route=%2Fwp%2Fv2%2Fproduct_cat&post=1013"},{"taxonomy":"product_tag","embeddable":true,"href":"https:\/\/hbbkimya.com\/index.php?rest_route=%2Fwp%2Fv2%2Fproduct_tag&post=1013"}],"curies":[{"name":"wp","href":"https:\/\/api.w.org\/{rel}","templated":true}]}}